central_1 | 2016-08-31 08:21:26.040 1 DEBUG designate.central.service [req-af7d5d25-7d88-4bdc-9a56-7e2de2ed4c5c noauth-user noauth-project - - -] Emitting dns.zone.create notification notification_wrapper /code/designate/central/service.py:177
api_1 | 2016-08-31 08:21:26.406 1 INFO eventlet.wsgi [req-5d8a4253-e743-46a8-b054-fdffeee42024 noauth-user noauth-project - - -] 104.239.148.48 - - [31/Aug/2016 08:21:26] "GET /v2/zones/c97e4e41-e9c7-4e96-857c-dc6cf1ec0009 HTTP/1.1" 200 743 0.017364
producer_1 | 2016-08-31 08:21:15.667 1 DEBUG designate.producer.service [-] Registering task start /code/designate/producer/service.py:84
mdns_1 | 2016-08-31 08:21:09.302 1 DEBUG oslo_service.service [-] backend:infoblox.dns_view = default log_opt_values /usr/local/lib/python2.7/dist-packages/oslo_config/cfg.py:2626
central_1 | 2016-08-31 08:21:26.130 1 DEBUG oslo_concurrency.lockutils [req-39974d6e-ac9d-4e1e-b1f2-efb2451803d1 noauth-user noauth-project - - -] Acquired semaphore "zone-None" lock /usr/local/lib/python2.7/dist-packages/oslo_concurrency/lockutils.py:212
api_1 | 2016-08-31 08:21:29.480 1 DEBUG eventlet.wsgi [-] (1) accepted ('104.239.148.48', 34566) server /usr/local/lib/python2.7/dist-packages/eventlet/wsgi.py:868
api_1 | 2016-08-31 08:21:29.482 1 DEBUG designate.central.rpcapi [req-df444b8e-ef62-46cc-9ac8-8c49f9ad2a88 noauth-user noauth-project - - -] Calling designate.central.get_zone() over RPC wrapped /code/designate/loggingutils.py:24
central_1 | 2016-08-31 08:21:26.166 1 DEBUG designate.scheduler.base [req-39974d6e-ac9d-4e1e-b1f2-efb2451803d1 noauth-user noauth-project - - -] Running default_pool filter with 1 pools schedule_zone /code/designate/scheduler/base.py:70
producer_1 | 2016-08-31 08:21:15.668 1 DEBUG designate.coordination [-] Watching for change producer watch_partition_change /code/designate/coordination.py:216
mdns_1 | 2016-08-31 08:21:09.302 1 DEBUG oslo_service.service [-] backend:infoblox.http_pool_connections = 100 log_opt_values /usr/local/lib/python2.7/dist-packages/oslo_config/cfg.py:2626
api_1 | 2016-08-31 08:21:29.498 1 INFO designate.api.v2.controllers.zones [req-df444b8e-ef62-46cc-9ac8-8c49f9ad2a88 noauth-user noauth-project - - -] Retrieved
producer_1 | 2016-08-31 08:21:15.668 1 WARNING designate.coordination [-] No coordination backend configured, assuming we are the only worker. Please configure a coordination backend
central_1 | 2016-08-31 08:21:26.166 1 DEBUG designate.scheduler.base [req-39974d6e-ac9d-4e1e-b1f2-efb2451803d1 noauth-user noauth-project - - -] 1 candidate pools remaining after default_pool filter schedule_zone /code/designate/scheduler/base.py:75
mdns_1 | 2016-08-31 08:21:09.303 1 DEBUG oslo_service.service [-] backend:infoblox.http_pool_maxsize = 100 log_opt_values /usr/local/lib/python2.7/dist-packages/oslo_config/cfg.py:2626
producer_1 | 2016-08-31 08:21:15.669 1 INFO designate.producer.tasks [-] Recovering zones for shards 0 to 4094
api_1 | 2016-08-31 08:21:29.500 1 INFO eventlet.wsgi [req-df444b8e-ef62-46cc-9ac8-8c49f9ad2a88 noauth-user noauth-project - - -] 104.239.148.48 - - [31/Aug/2016 08:21:29] "GET /v2/zones/c97e4e41-e9c7-4e96-857c-dc6cf1ec0009 HTTP/1.1" 200 764 0.019183
central_1 | 2016-08-31 08:21:26.219 1 DEBUG designate.storage.impl_sqlalchemy [req-39974d6e-ac9d-4e1e-b1f2-efb2451803d1 noauth-user noauth-project - - -] Fetched zone _find_zones /code/designate/storage/impl_sqlalchemy/__init__.py:261
producer_1 | 2016-08-31 08:21:15.669 1 DEBUG designate.worker.rpcapi [req-05a26894-330f-49d6-b296-8d10957e69e3 - - - - -] Calling designate.worker.recover_shard() over RPC wrapped /code/designate/loggingutils.py:24
mdns_1 | 2016-08-31 08:21:09.303 1 DEBUG oslo_service.service [-] backend:infoblox.multi_tenant = False log_opt_values /usr/local/lib/python2.7/dist-packages/oslo_config/cfg.py:2626
api_1 | 2016-08-31 08:21:29.572 1 DEBUG eventlet.wsgi [-] (1) accepted ('104.239.148.48', 34567) server /usr/local/lib/python2.7/dist-packages/eventlet/wsgi.py:868
central_1 | 2016-08-31 08:21:26.258 1 DEBUG designate.central.service [req-39974d6e-ac9d-4e1e-b1f2-efb2451803d1 noauth-user noauth-project - - -] Checking if pooey-nqcROZqE.com. belongs in any of pooey-nqcROZqE.com. subzones _is_valid_recordset_placement_subzone /code/designate/central/service.py:355
mdns_1 | 2016-08-31 08:21:09.303 1 DEBUG oslo_service.service [-] backend:infoblox.network_view = default log_opt_values /usr/local/lib/python2.7/dist-packages/oslo_config/cfg.py:2626
producer_1 | 2016-08-31 08:21:15.671 1 DEBUG oslo.messaging._drivers.pool [req-05a26894-330f-49d6-b296-8d10957e69e3 - - - - -] Pool creating new connection create /usr/local/lib/python2.7/dist-packages/oslo_messaging/_drivers/pool.py:143
api_1 | 2016-08-31 08:21:29.574 1 DEBUG designate.central.rpcapi [req-4f341b41-ea18-431a-9438-538e7b732915 noauth-user noauth-project - - -] Calling designate.central.get_zone() over RPC wrapped /code/designate/loggingutils.py:24
mdns_1 | 2016-08-31 08:21:09.304 1 DEBUG oslo_service.service [-] backend:infoblox.ns_group = None log_opt_values /usr/local/lib/python2.7/dist-packages/oslo_config/cfg.py:2626
central_1 | 2016-08-31 08:21:26.263 1 DEBUG designate.storage.impl_sqlalchemy [req-39974d6e-ac9d-4e1e-b1f2-efb2451803d1 noauth-user noauth-project - - -] Fetched zone _find_zones /code/designate/storage/impl_sqlalchemy/__init__.py:261
producer_1 | 2016-08-31 08:21:15.672 1 DEBUG oslo.messaging._drivers.impl_rabbit [req-05a26894-330f-49d6-b296-8d10957e69e3 - - - - -] [2658605b-488e-4630-bf0a-ed9ba5509c8a] Connecting to AMQP server on rabbit:5672 __init__ /usr/local/lib/python2.7/dist-packages/oslo_messaging/_drivers/impl_rabbit.py:566
api_1 | 2016-08-31 08:21:29.587 1 INFO designate.api.v2.controllers.zones [req-4f341b41-ea18-431a-9438-538e7b732915 noauth-user noauth-project - - -] Retrieved
central_1 | 2016-08-31 08:21:26.270 1 DEBUG designate.storage.impl_sqlalchemy [req-39974d6e-ac9d-4e1e-b1f2-efb2451803d1 noauth-user noauth-project - - -] Fetched zone _find_zones /code/designate/storage/impl_sqlalchemy/__init__.py:261
mdns_1 | 2016-08-31 08:21:09.304 1 DEBUG oslo_service.service [-] backend:infoblox.password = **** log_opt_values /usr/local/lib/python2.7/dist-packages/oslo_config/cfg.py:2626
api_1 | 2016-08-31 08:21:29.589 1 INFO eventlet.wsgi [req-4f341b41-ea18-431a-9438-538e7b732915 noauth-user noauth-project - - -] 104.239.148.48 - - [31/Aug/2016 08:21:29] "GET /v2/zones/d5259340-b1ec-4e27-88ee-5659c20c4cc2 HTTP/1.1" 200 764 0.016289
producer_1 | 2016-08-31 08:21:15.680 1 INFO designate.producer.tasks [-] Emitting zone exist events for shards 0 to 4094
mdns_1 | 2016-08-31 08:21:09.304 1 DEBUG oslo_service.service [-] backend:infoblox.sslverify = True log_opt_values /usr/local/lib/python2.7/dist-packages/oslo_config/cfg.py:2626
central_1 | 2016-08-31 08:21:26.282 1 DEBUG designate.central.service [req-39974d6e-ac9d-4e1e-b1f2-efb2451803d1 noauth-user noauth-project - - -] Checking if pooey-nqcROZqE.com. belongs in any of pooey-nqcROZqE.com. subzones _is_valid_recordset_placement_subzone /code/designate/central/service.py:355
producer_1 | 2016-08-31 08:21:15.682 1 DEBUG designate.central.rpcapi [req-7f83f041-849d-4c56-8a02-2a2124eaba48 - - - - -] Calling designate.central.find_zones() over RPC wrapped /code/designate/loggingutils.py:24
api_1 | 2016-08-31 08:21:29.660 1 DEBUG eventlet.wsgi [-] (1) accepted ('104.239.148.48', 34568) server /usr/local/lib/python2.7/dist-packages/eventlet/wsgi.py:868
mdns_1 | 2016-08-31 08:21:09.304 1 DEBUG oslo_service.service [-] backend:infoblox.username = None log_opt_values /usr/local/lib/python2.7/dist-packages/oslo_config/cfg.py:2626
producer_1 | 2016-08-31 08:21:15.683 1 DEBUG oslo.messaging._drivers.pool [req-7f83f041-849d-4c56-8a02-2a2124eaba48 - - - - -] Pool creating new connection create /usr/local/lib/python2.7/dist-packages/oslo_messaging/_drivers/pool.py:143
central_1 | 2016-08-31 08:21:26.287 1 DEBUG designate.storage.impl_sqlalchemy [req-39974d6e-ac9d-4e1e-b1f2-efb2451803d1 noauth-user noauth-project - - -] Fetched zone _find_zones /code/designate/storage/impl_sqlalchemy/__init__.py:261
api_1 | 2016-08-31 08:21:29.662 1 DEBUG designate.central.rpcapi [req-b190c891-bbf6-4fb4-9511-eed4ba90a53e noauth-user noauth-project - - -] Calling designate.central.get_zone() over RPC wrapped /code/designate/loggingutils.py:24
mdns_1 | 2016-08-31 08:21:09.305 1 DEBUG oslo_service.service [-] backend:infoblox.wapi_url = None log_opt_values /usr/local/lib/python2.7/dist-packages/oslo_config/cfg.py:2626
producer_1 | 2016-08-31 08:21:15.685 1 DEBUG oslo.messaging._drivers.impl_rabbit [req-7f83f041-849d-4c56-8a02-2a2124eaba48 - - - - -] [43304050-a9a5-4d52-aa3e-e5bd5090df65] Connecting to AMQP server on rabbit:5672 __init__ /usr/local/lib/python2.7/dist-packages/oslo_messaging/_drivers/impl_rabbit.py:566
central_1 | 2016-08-31 08:21:26.294 1 DEBUG designate.storage.impl_sqlalchemy [req-39974d6e-ac9d-4e1e-b1f2-efb2451803d1 noauth-user noauth-project - - -] Fetched zone _find_zones /code/designate/storage/impl_sqlalchemy/__init__.py:261
api_1 | 2016-08-31 08:21:29.677 1 INFO designate.api.v2.controllers.zones [req-b190c891-bbf6-4fb4-9511-eed4ba90a53e noauth-user noauth-project - - -] Retrieved
mdns_1 | 2016-08-31 08:21:09.305 1 DEBUG oslo_service.service [-] ******************************************************************************** log_opt_values /usr/local/lib/python2.7/dist-packages/oslo_config/cfg.py:2628
producer_1 | 2016-08-31 08:21:15.691 1 INFO designate.producer.tasks [-] Refreshing zones for shards 0 to 4094
api_1 | 2016-08-31 08:21:29.679 1 INFO eventlet.wsgi [req-b190c891-bbf6-4fb4-9511-eed4ba90a53e noauth-user noauth-project - - -] 104.239.148.48 - - [31/Aug/2016 08:21:29] "GET /v2/zones/f081575a-7e1f-4a5c-beaa-4ab50e0a3ecc HTTP/1.1" 200 764 0.018088
mdns_1 | 2016-08-31 08:21:10.253 12 DEBUG oslo.messaging._drivers.impl_rabbit [-] [c8bb91ab-0200-42f3-a493-5639318bae1d] Received recoverable error from kombu: on_error /usr/local/lib/python2.7/dist-packages/oslo_messaging/_drivers/impl_rabbit.py:712
producer_1 | 2016-08-31 08:21:15.692 1 DEBUG designate.central.rpcapi [req-9bce35eb-495f-4037-8f5b-3e0eb593daa4 - - - - -] Calling designate.central.find_zones() over RPC wrapped /code/designate/loggingutils.py:24
central_1 | 2016-08-31 08:21:26.300 1 DEBUG designate.worker.rpcapi [req-39974d6e-ac9d-4e1e-b1f2-efb2451803d1 noauth-user noauth-project - - -] Calling designate.worker.create_zone() over RPC wrapped /code/designate/loggingutils.py:24
api_1 | 2016-08-31 08:21:29.749 1 DEBUG eventlet.wsgi [-] (1) accepted ('104.239.148.48', 34569) server /usr/local/lib/python2.7/dist-packages/eventlet/wsgi.py:868
producer_1 | 2016-08-31 08:21:15.693 1 DEBUG designate.central.rpcapi [req-b5917b75-3be3-401b-835f-73e3556399f5 - - - - -] Calling designate.central.find_zones() over RPC wrapped /code/designate/loggingutils.py:24
central_1 | 2016-08-31 08:21:26.302 1 DEBUG oslo_concurrency.lockutils [req-39974d6e-ac9d-4e1e-b1f2-efb2451803d1 noauth-user noauth-project - - -] Releasing semaphore "zone-None" lock /usr/local/lib/python2.7/dist-packages/oslo_concurrency/lockutils.py:225
api_1 | 2016-08-31 08:21:29.751 1 DEBUG designate.objects.adapters.base [req-b80313db-8f7d-4d2e-88b8-8db9837950f6 noauth-user noauth-project - - -] Creating Zone object with values {'type': 'PRIMARY', u'name': u'pooey-FeeXpOnd.com.', u'email': u'joe@poo.com'} parse /code/designate/objects/adapters/base.py:163
producer_1 | 2016-08-31 08:21:15.694 1 INFO designate.producer.tasks [-] Performing deleted zone purging for 0 to 4094
mdns_1 | 2016-08-31 08:21:10.253 12 ERROR oslo.messaging._drivers.impl_rabbit Traceback (most recent call last):
central_1 | 2016-08-31 08:21:26.303 1 DEBUG designate.central.service [req-39974d6e-ac9d-4e1e-b1f2-efb2451803d1 noauth-user noauth-project - - -] Queueing notification for dns.zone.create notification_wrapper /code/designate/central/service.py:162
producer_1 | 2016-08-31 08:21:15.694 1 DEBUG designate.producer.tasks [-] Filtering deleted zones before 2016-08-24 08:21:15.694726 __call__ /code/designate/producer/tasks.py:150
api_1 | 2016-08-31 08:21:29.752 1 DEBUG designate.objects.base [req-b80313db-8f7d-4d2e-88b8-8db9837950f6 noauth-user noauth-project - - -] Validating 'Zone' object with values: {'type': 'PRIMARY', 'name': u'pooey-FeeXpOnd.com.', 'email': u'joe@poo.com'} validate /code/designate/objects/base.py:336
producer_1 | 2016-08-31 08:21:15.695 1 DEBUG designate.central.rpcapi [req-cbc2e4b9-b020-49a2-a289-d705942c34be - - - - -] Calling designate.central.purge_zones() over RPC wrapped /code/designate/loggingutils.py:24
central_1 | 2016-08-31 08:21:26.303 1 DEBUG designate.central.service [req-39974d6e-ac9d-4e1e-b1f2-efb2451803d1 noauth-user noauth-project - - -] Queueing notification for dns.domain.create notification_wrapper /code/designate/central/service.py:162
mdns_1 | 2016-08-31 08:21:10.253 12 ERROR oslo.messaging._drivers.impl_rabbit File "/usr/local/lib/python2.7/dist-packages/kombu/utils/__init__.py", line 246, in retry_over_time
producer_1 | 2016-08-31 08:21:15.704 1 DEBUG oslo.messaging._drivers.impl_rabbit [req-7f83f041-849d-4c56-8a02-2a2124eaba48 - - - - -] [43304050-a9a5-4d52-aa3e-e5bd5090df65] Connected to AMQP server on rabbit:5672 via [amqp] client with port 53466. __init__ /usr/local/lib/python2.7/dist-packages/oslo_messaging/_drivers/impl_rabbit.py:594
api_1 | 2016-08-31 08:21:29.753 1 DEBUG designate.central.rpcapi [req-b80313db-8f7d-4d2e-88b8-8db9837950f6 noauth-user noauth-project - - -] Calling designate.central.create_zone() over RPC wrapped /code/designate/loggingutils.py:24
central_1 | 2016-08-31 08:21:26.304 1 DEBUG designate.central.service [req-39974d6e-ac9d-4e1e-b1f2-efb2451803d1 noauth-user noauth-project - - -] Emitting 2 notifications notification_wrapper /code/designate/central/service.py:173
producer_1 | 2016-08-31 08:21:15.705 1 DEBUG oslo.messaging._drivers.impl_rabbit [req-7f83f041-849d-4c56-8a02-2a2124eaba48 - - - - -] [43304050-a9a5-4d52-aa3e-e5bd5090df65] Queue.declare: reply_8d2a74832f7c4f46b04439f4e73e9985 declare /usr/local/lib/python2.7/dist-packages/oslo_messaging/_drivers/impl_rabbit.py:299
mdns_1 | 2016-08-31 08:21:10.253 12 ERROR oslo.messaging._drivers.impl_rabbit return fun(*args, **kwargs)
api_1 | 2016-08-31 08:21:29.770 1 INFO eventlet.wsgi [req-b80313db-8f7d-4d2e-88b8-8db9837950f6 noauth-user noauth-project - - -] 104.239.148.48 - - [31/Aug/2016 08:21:29] "POST /v2/zones HTTP/1.1" 413 313 0.020209
central_1 | 2016-08-31 08:21:26.304 1 DEBUG designate.central.service [req-39974d6e-ac9d-4e1e-b1f2-efb2451803d1 noauth-user noauth-project - - -] Emitting dns.domain.create notification notification_wrapper /code/designate/central/service.py:177
producer_1 | 2016-08-31 08:21:15.706 1 DEBUG oslo.messaging._drivers.impl_rabbit [req-05a26894-330f-49d6-b296-8d10957e69e3 - - - - -] [2658605b-488e-4630-bf0a-ed9ba5509c8a] Connected to AMQP server on rabbit:5672 via [amqp] client with port 53464. __init__ /usr/local/lib/python2.7/dist-packages/oslo_messaging/_drivers/impl_rabbit.py:594
central_1 | 2016-08-31 08:21:26.306 1 DEBUG designate.central.service [req-39974d6e-ac9d-4e1e-b1f2-efb2451803d1 noauth-user noauth-project - - -] Emitting dns.zone.create notification notification_wrapper /code/designate/central/service.py:177
mdns_1 | 2016-08-31 08:21:10.253 12 ERROR oslo.messaging._drivers.impl_rabbit File "/usr/local/lib/python2.7/dist-packages/kombu/connection.py", line 237, in connect
producer_1 | 2016-08-31 08:21:15.711 1 DEBUG oslo.messaging._drivers.pool [req-9bce35eb-495f-4037-8f5b-3e0eb593daa4 - - - - -] Pool creating new connection create /usr/local/lib/python2.7/dist-packages/oslo_messaging/_drivers/pool.py:143
central_1 | 2016-08-31 08:21:26.401 1 DEBUG designate.storage.impl_sqlalchemy [req-5d8a4253-e743-46a8-b054-fdffeee42024 noauth-user noauth-project - - -] Fetched zone _find_zones /code/designate/storage/impl_sqlalchemy/__init__.py:261
mdns_1 | 2016-08-31 08:21:10.253 12 ERROR oslo.messaging._drivers.impl_rabbit return self.connection
producer_1 | 2016-08-31 08:21:15.712 1 DEBUG oslo.messaging._drivers.impl_rabbit [req-9bce35eb-495f-4037-8f5b-3e0eb593daa4 - - - - -] [302a8ca2-8e30-4c77-9256-37bfb671af37] Connecting to AMQP server on rabbit:5672 __init__ /usr/local/lib/python2.7/dist-packages/oslo_messaging/_drivers/impl_rabbit.py:566
producer_1 | 2016-08-31 08:21:15.729 1 DEBUG oslo.messaging._drivers.impl_rabbit [req-9bce35eb-495f-4037-8f5b-3e0eb593daa4 - - - - -] [302a8ca2-8e30-4c77-9256-37bfb671af37] Connected to AMQP server on rabbit:5672 via [amqp] client with port 53468. __init__ /usr/local/lib/python2.7/dist-packages/oslo_messaging/_drivers/impl_rabbit.py:594
mdns_1 | 2016-08-31 08:21:10.253 12 ERROR oslo.messaging._drivers.impl_rabbit File "/usr/local/lib/python2.7/dist-packages/kombu/connection.py", line 742, in connection
central_1 | 2016-08-31 08:21:28.095 1 DEBUG designate.central.service [req-36069d64-c09d-4c7b-be99-d8d03b0cb119 noauth-user noauth-project - - -] Setting record c64afc6e-1541-44a0-bbaf-3a6d6bdf30d1, serial 1472631685: action NONE, status ACTIVE _update_record_status /code/designate/central/service.py:2369
mdns_1 | 2016-08-31 08:21:10.253 12 ERROR oslo.messaging._drivers.impl_rabbit self._connection = self._establish_connection()
central_1 | 2016-08-31 08:21:28.100 1 DEBUG designate.central.service [req-36069d64-c09d-4c7b-be99-d8d03b0cb119 noauth-user noauth-project - - -] Setting record cbcf8ed5-5308-47de-86ba-b8456ef96c3b, serial 1472631685: action NONE, status ACTIVE _update_record_status /code/designate/central/service.py:2369
central_1 | 2016-08-31 08:21:28.109 1 DEBUG designate.storage.impl_sqlalchemy [req-36069d64-c09d-4c7b-be99-d8d03b0cb119 noauth-user noauth-project - - -] Fetched zone _find_zones /code/designate/storage/impl_sqlalchemy/__init__.py:261
mdns_1 | 2016-08-31 08:21:10.253 12 ERROR oslo.messaging._drivers.impl_rabbit File "/usr/local/lib/python2.7/dist-packages/kombu/connection.py", line 697, in _establish_connection
central_1 | 2016-08-31 08:21:28.109 1 DEBUG designate.central.service [req-36069d64-c09d-4c7b-be99-d8d03b0cb119 noauth-user noauth-project - - -] Setting zone c97e4e41-e9c7-4e96-857c-dc6cf1ec0009, serial 1472631685: action NONE, status ACTIVE _update_zone_status /code/designate/central/service.py:2326
central_1 | 2016-08-31 08:21:28.109 1 DEBUG designate.storage.impl_sqlalchemy [req-36069d64-c09d-4c7b-be99-d8d03b0cb119 noauth-user noauth-project - - -] Updating zone update_zone /code/designate/storage/impl_sqlalchemy/__init__.py:309
mdns_1 | 2016-08-31 08:21:10.253 12 ERROR oslo.messaging._drivers.impl_rabbit conn = self.transport.establish_connection()
central_1 | 2016-08-31 08:21:28.120 1 DEBUG designate.central.service [req-36069d64-c09d-4c7b-be99-d8d03b0cb119 noauth-user noauth-project - - -] Queueing notification for dns.zone.update notification_wrapper /code/designate/central/service.py:162
mdns_1 | 2016-08-31 08:21:10.253 12 ERROR oslo.messaging._drivers.impl_rabbit File "/usr/local/lib/python2.7/dist-packages/kombu/transport/pyamqp.py", line 116, in establish_connection
central_1 | 2016-08-31 08:21:28.121 1 DEBUG designate.central.service [req-36069d64-c09d-4c7b-be99-d8d03b0cb119 noauth-user noauth-project - - -] Queueing notification for dns.domain.update notification_wrapper /code/designate/central/service.py:162
mdns_1 | 2016-08-31 08:21:10.253 12 ERROR oslo.messaging._drivers.impl_rabbit conn = self.Connection(**opts)
central_1 | 2016-08-31 08:21:28.121 1 DEBUG designate.central.service [req-36069d64-c09d-4c7b-be99-d8d03b0cb119 noauth-user noauth-project - - -] Emitting 2 notifications notification_wrapper /code/designate/central/service.py:173
mdns_1 | 2016-08-31 08:21:10.253 12 ERROR oslo.messaging._drivers.impl_rabbit File "/usr/local/lib/python2.7/dist-packages/amqp/connection.py", line 165, in __init__
mdns_1 | 2016-08-31 08:21:10.253 12 ERROR oslo.messaging._drivers.impl_rabbit self.transport = self.Transport(host, connect_timeout, ssl)
central_1 | 2016-08-31 08:21:28.122 1 DEBUG designate.central.service [req-36069d64-c09d-4c7b-be99-d8d03b0cb119 noauth-user noauth-project - - -] Emitting dns.domain.update notification notification_wrapper /code/designate/central/service.py:177
central_1 | 2016-08-31 08:21:28.124 1 DEBUG designate.central.service [req-36069d64-c09d-4c7b-be99-d8d03b0cb119 noauth-user noauth-project - - -] Emitting dns.zone.update notification notification_wrapper /code/designate/central/service.py:177
mdns_1 | 2016-08-31 08:21:10.253 12 ERROR oslo.messaging._drivers.impl_rabbit File "/usr/local/lib/python2.7/dist-packages/amqp/connection.py", line 186, in Transport
central_1 | 2016-08-31 08:21:28.134 1 DEBUG designate.central.service [req-af7d5d25-7d88-4bdc-9a56-7e2de2ed4c5c noauth-user noauth-project - - -] Setting record 017a1f61-350c-4ba6-acbc-1c667e4c3507, serial 1472631685: action NONE, status ACTIVE _update_record_status /code/designate/central/service.py:2369
mdns_1 | 2016-08-31 08:21:10.253 12 ERROR oslo.messaging._drivers.impl_rabbit return create_transport(host, connect_timeout, ssl)
central_1 | 2016-08-31 08:21:28.139 1 DEBUG designate.central.service [req-af7d5d25-7d88-4bdc-9a56-7e2de2ed4c5c noauth-user noauth-project - - -] Setting record 1d762c06-23bb-4b78-b3ef-04fcb1e8287e, serial 1472631685: action NONE, status ACTIVE _update_record_status /code/designate/central/service.py:2369
mdns_1 | 2016-08-31 08:21:10.253 12 ERROR oslo.messaging._drivers.impl_rabbit File "/usr/local/lib/python2.7/dist-packages/amqp/transport.py", line 299, in create_transport
central_1 | 2016-08-31 08:21:28.148 1 DEBUG designate.storage.impl_sqlalchemy [req-af7d5d25-7d88-4bdc-9a56-7e2de2ed4c5c noauth-user noauth-project - - -] Fetched zone _find_zones /code/designate/storage/impl_sqlalchemy/__init__.py:261
mdns_1 | 2016-08-31 08:21:10.253 12 ERROR oslo.messaging._drivers.impl_rabbit return TCPTransport(host, connect_timeout)
central_1 | 2016-08-31 08:21:28.149 1 DEBUG designate.central.service [req-af7d5d25-7d88-4bdc-9a56-7e2de2ed4c5c noauth-user noauth-project - - -] Setting zone d5259340-b1ec-4e27-88ee-5659c20c4cc2, serial 1472631685: action NONE, status ACTIVE _update_zone_status /code/designate/central/service.py:2326
central_1 | 2016-08-31 08:21:28.149 1 DEBUG designate.storage.impl_sqlalchemy [req-af7d5d25-7d88-4bdc-9a56-7e2de2ed4c5c noauth-user noauth-project - - -] Updating zone update_zone /code/designate/storage/impl_sqlalchemy/__init__.py:309
mdns_1 | 2016-08-31 08:21:10.253 12 ERROR oslo.messaging._drivers.impl_rabbit File "/usr/local/lib/python2.7/dist-packages/amqp/transport.py", line 95, in __init__
central_1 | 2016-08-31 08:21:28.157 1 DEBUG designate.central.service [req-af7d5d25-7d88-4bdc-9a56-7e2de2ed4c5c noauth-user noauth-project - - -] Queueing notification for dns.zone.update notification_wrapper /code/designate/central/service.py:162
mdns_1 | 2016-08-31 08:21:10.253 12 ERROR oslo.messaging._drivers.impl_rabbit raise socket.error(last_err)
central_1 | 2016-08-31 08:21:28.158 1 DEBUG designate.central.service [req-af7d5d25-7d88-4bdc-9a56-7e2de2ed4c5c noauth-user noauth-project - - -] Queueing notification for dns.domain.update notification_wrapper /code/designate/central/service.py:162
mdns_1 | 2016-08-31 08:21:10.253 12 ERROR oslo.messaging._drivers.impl_rabbit error: [Errno 111] ECONNREFUSED
central_1 | 2016-08-31 08:21:28.158 1 DEBUG designate.central.service [req-af7d5d25-7d88-4bdc-9a56-7e2de2ed4c5c noauth-user noauth-project - - -] Emitting 2 notifications notification_wrapper /code/designate/central/service.py:173
mdns_1 | 2016-08-31 08:21:10.253 12 ERROR oslo.messaging._drivers.impl_rabbit
central_1 | 2016-08-31 08:21:28.158 1 DEBUG designate.central.service [req-af7d5d25-7d88-4bdc-9a56-7e2de2ed4c5c noauth-user noauth-project - - -] Emitting dns.domain.update notification notification_wrapper /code/designate/central/service.py:177
mdns_1 | 2016-08-31 08:21:10.254 12 ERROR oslo.messaging._drivers.impl_rabbit [-] [c8bb91ab-0200-42f3-a493-5639318bae1d] AMQP server on rabbit:5672 is unreachable: [Errno 111] ECONNREFUSED. Trying again in 2 seconds. Client port: None
central_1 | 2016-08-31 08:21:28.160 1 DEBUG designate.central.service [req-af7d5d25-7d88-4bdc-9a56-7e2de2ed4c5c noauth-user noauth-project - - -] Emitting dns.zone.update notification notification_wrapper /code/designate/central/service.py:177
mdns_1 | 2016-08-31 08:21:10.279 13 DEBUG oslo.messaging._drivers.impl_rabbit [-] [f6498399-8f94-4176-ba5d-5ba5e143aeb0] Received recoverable error from kombu: on_error /usr/local/lib/python2.7/dist-packages/oslo_messaging/_drivers/impl_rabbit.py:712
central_1 | 2016-08-31 08:21:28.387 1 DEBUG designate.central.service [req-39974d6e-ac9d-4e1e-b1f2-efb2451803d1 noauth-user noauth-project - - -] Setting record 47dee633-0882-4805-8f9f-a3b1fda74457, serial 1472631686: action NONE, status ACTIVE _update_record_status /code/designate/central/service.py:2369
central_1 | 2016-08-31 08:21:28.391 1 DEBUG designate.central.service [req-39974d6e-ac9d-4e1e-b1f2-efb2451803d1 noauth-user noauth-project - - -] Setting record d9c04702-56a0-4ff7-92c6-f2bd1dc42048, serial 1472631686: action NONE, status ACTIVE _update_record_status /code/designate/central/service.py:2369
mdns_1 | 2016-08-31 08:21:10.279 13 ERROR oslo.messaging._drivers.impl_rabbit Traceback (most recent call last):
mdns_1 | 2016-08-31 08:21:10.279 13 ERROR oslo.messaging._drivers.impl_rabbit File "/usr/local/lib/python2.7/dist-packages/kombu/utils/__init__.py", line 246, in retry_over_time
central_1 | 2016-08-31 08:21:28.402 1 DEBUG designate.storage.impl_sqlalchemy [req-39974d6e-ac9d-4e1e-b1f2-efb2451803d1 noauth-user noauth-project - - -] Fetched zone _find_zones /code/designate/storage/impl_sqlalchemy/__init__.py:261
mdns_1 | 2016-08-31 08:21:10.279 13 ERROR oslo.messaging._drivers.impl_rabbit return fun(*args, **kwargs)
central_1 | 2016-08-31 08:21:28.402 1 DEBUG designate.central.service [req-39974d6e-ac9d-4e1e-b1f2-efb2451803d1 noauth-user noauth-project - - -] Setting zone f081575a-7e1f-4a5c-beaa-4ab50e0a3ecc, serial 1472631686: action NONE, status ACTIVE _update_zone_status /code/designate/central/service.py:2326
mdns_1 | 2016-08-31 08:21:10.279 13 ERROR oslo.messaging._drivers.impl_rabbit File "/usr/local/lib/python2.7/dist-packages/kombu/connection.py", line 237, in connect
central_1 | 2016-08-31 08:21:28.403 1 DEBUG designate.storage.impl_sqlalchemy [req-39974d6e-ac9d-4e1e-b1f2-efb2451803d1 noauth-user noauth-project - - -] Updating zone update_zone /code/designate/storage/impl_sqlalchemy/__init__.py:309
mdns_1 | 2016-08-31 08:21:10.279 13 ERROR oslo.messaging._drivers.impl_rabbit return self.connection
mdns_1 | 2016-08-31 08:21:10.279 13 ERROR oslo.messaging._drivers.impl_rabbit File "/usr/local/lib/python2.7/dist-packages/kombu/connection.py", line 742, in connection
mdns_1 | 2016-08-31 08:21:10.279 13 ERROR oslo.messaging._drivers.impl_rabbit self._connection = self._establish_connection()
mdns_1 | 2016-08-31 08:21:10.279 13 ERROR oslo.messaging._drivers.impl_rabbit File "/usr/local/lib/python2.7/dist-packages/kombu/connection.py", line 697, in _establish_connection
central_1 | 2016-08-31 08:21:28.412 1 DEBUG designate.central.service [req-39974d6e-ac9d-4e1e-b1f2-efb2451803d1 noauth-user noauth-project - - -] Queueing notification for dns.zone.update notification_wrapper /code/designate/central/service.py:162
mdns_1 | 2016-08-31 08:21:10.279 13 ERROR oslo.messaging._drivers.impl_rabbit conn = self.transport.establish_connection()
central_1 | 2016-08-31 08:21:28.412 1 DEBUG designate.central.service [req-39974d6e-ac9d-4e1e-b1f2-efb2451803d1 noauth-user noauth-project - - -] Queueing notification for dns.domain.update notification_wrapper /code/designate/central/service.py:162
mdns_1 | 2016-08-31 08:21:10.279 13 ERROR oslo.messaging._drivers.impl_rabbit File "/usr/local/lib/python2.7/dist-packages/kombu/transport/pyamqp.py", line 116, in establish_connection
mdns_1 | 2016-08-31 08:21:10.279 13 ERROR oslo.messaging._drivers.impl_rabbit conn = self.Connection(**opts)
central_1 | 2016-08-31 08:21:28.413 1 DEBUG designate.central.service [req-39974d6e-ac9d-4e1e-b1f2-efb2451803d1 noauth-user noauth-project - - -] Emitting 2 notifications notification_wrapper /code/designate/central/service.py:173
mdns_1 | 2016-08-31 08:21:10.279 13 ERROR oslo.messaging._drivers.impl_rabbit File "/usr/local/lib/python2.7/dist-packages/amqp/connection.py", line 165, in __init__
central_1 | 2016-08-31 08:21:28.413 1 DEBUG designate.central.service [req-39974d6e-ac9d-4e1e-b1f2-efb2451803d1 noauth-user noauth-project - - -] Emitting dns.domain.update notification notification_wrapper /code/designate/central/service.py:177
mdns_1 | 2016-08-31 08:21:10.279 13 ERROR oslo.messaging._drivers.impl_rabbit self.transport = self.Transport(host, connect_timeout, ssl)
central_1 | 2016-08-31 08:21:28.415 1 DEBUG designate.central.service [req-39974d6e-ac9d-4e1e-b1f2-efb2451803d1 noauth-user noauth-project - - -] Emitting dns.zone.update notification notification_wrapper /code/designate/central/service.py:177
mdns_1 | 2016-08-31 08:21:10.279 13 ERROR oslo.messaging._drivers.impl_rabbit File "/usr/local/lib/python2.7/dist-packages/amqp/connection.py", line 186, in Transport
mdns_1 | 2016-08-31 08:21:10.279 13 ERROR oslo.messaging._drivers.impl_rabbit return create_transport(host, connect_timeout, ssl)
central_1 | 2016-08-31 08:21:29.494 1 DEBUG designate.storage.impl_sqlalchemy [req-df444b8e-ef62-46cc-9ac8-8c49f9ad2a88 noauth-user noauth-project - - -] Fetched zone _find_zones /code/designate/storage/impl_sqlalchemy/__init__.py:261
central_1 | 2016-08-31 08:21:29.583 1 DEBUG designate.storage.impl_sqlalchemy [req-4f341b41-ea18-431a-9438-538e7b732915 noauth-user noauth-project - - -] Fetched zone _find_zones /code/designate/storage/impl_sqlalchemy/__init__.py:261
mdns_1 | 2016-08-31 08:21:10.279 13 ERROR oslo.messaging._drivers.impl_rabbit File "/usr/local/lib/python2.7/dist-packages/amqp/transport.py", line 299, in create_transport
mdns_1 | 2016-08-31 08:21:10.279 13 ERROR oslo.messaging._drivers.impl_rabbit return TCPTransport(host, connect_timeout)
mdns_1 | 2016-08-31 08:21:10.279 13 ERROR oslo.messaging._drivers.impl_rabbit File "/usr/local/lib/python2.7/dist-packages/amqp/transport.py", line 95, in __init__
mdns_1 | 2016-08-31 08:21:10.279 13 ERROR oslo.messaging._drivers.impl_rabbit raise socket.error(last_err)
mdns_1 | 2016-08-31 08:21:10.279 13 ERROR oslo.messaging._drivers.impl_rabbit error: [Errno 111] ECONNREFUSED
central_1 | 2016-08-31 08:21:29.673 1 DEBUG designate.storage.impl_sqlalchemy [req-b190c891-bbf6-4fb4-9511-eed4ba90a53e noauth-user noauth-project - - -] Fetched zone _find_zones /code/designate/storage/impl_sqlalchemy/__init__.py:261
central_1 | 2016-08-31 08:21:29.756 1 DEBUG oslo_concurrency.lockutils [req-b80313db-8f7d-4d2e-88b8-8db9837950f6 noauth-user noauth-project - - -] Acquired semaphore "zone-None" lock /usr/local/lib/python2.7/dist-packages/oslo_concurrency/lockutils.py:212
mdns_1 | 2016-08-31 08:21:10.279 13 ERROR oslo.messaging._drivers.impl_rabbit
central_1 | 2016-08-31 08:21:29.762 1 DEBUG oslo_concurrency.lockutils [req-b80313db-8f7d-4d2e-88b8-8db9837950f6 noauth-user noauth-project - - -] Releasing semaphore "zone-None" lock /usr/local/lib/python2.7/dist-packages/oslo_concurrency/lockutils.py:225
central_1 | 2016-08-31 08:21:29.763 1 DEBUG designate.central.service [req-b80313db-8f7d-4d2e-88b8-8db9837950f6 noauth-user noauth-project - - -] Emitting 0 notifications notification_wrapper /code/designate/central/service.py:173
mdns_1 | 2016-08-31 08:21:10.280 13 ERROR oslo.messaging._drivers.impl_rabbit [-] [f6498399-8f94-4176-ba5d-5ba5e143aeb0] AMQP server on rabbit:5672 is unreachable: [Errno 111] ECONNREFUSED. Trying again in 2 seconds. Client port: None
mdns_1 | 2016-08-31 08:21:10.283 14 DEBUG oslo.messaging._drivers.impl_rabbit [-] [5caf121a-6c3c-4d52-aa25-becc9163ca70] Received recoverable error from kombu: on_error /usr/local/lib/python2.7/dist-packages/oslo_messaging/_drivers/impl_rabbit.py:712
mdns_1 | 2016-08-31 08:21:10.283 14 ERROR oslo.messaging._drivers.impl_rabbit Traceback (most recent call last):
mdns_1 | 2016-08-31 08:21:10.283 14 ERROR oslo.messaging._drivers.impl_rabbit File "/usr/local/lib/python2.7/dist-packages/kombu/utils/__init__.py", line 246, in retry_over_time
mdns_1 | 2016-08-31 08:21:10.283 14 ERROR oslo.messaging._drivers.impl_rabbit return fun(*args, **kwargs)
mdns_1 | 2016-08-31 08:21:10.283 14 ERROR oslo.messaging._drivers.impl_rabbit File "/usr/local/lib/python2.7/dist-packages/kombu/connection.py", line 237, in connect
mdns_1 | 2016-08-31 08:21:10.283 14 ERROR oslo.messaging._drivers.impl_rabbit return self.connection
mdns_1 | 2016-08-31 08:21:10.283 14 ERROR oslo.messaging._drivers.impl_rabbit File "/usr/local/lib/python2.7/dist-packages/kombu/connection.py", line 742, in connection
mdns_1 | 2016-08-31 08:21:10.283 14 ERROR oslo.messaging._drivers.impl_rabbit self._connection = self._establish_connection()
mdns_1 | 2016-08-31 08:21:10.283 14 ERROR oslo.messaging._drivers.impl_rabbit File "/usr/local/lib/python2.7/dist-packages/kombu/connection.py", line 697, in _establish_connection
mdns_1 | 2016-08-31 08:21:10.283 14 ERROR oslo.messaging._drivers.impl_rabbit conn = self.transport.establish_connection()
mdns_1 | 2016-08-31 08:21:10.283 14 ERROR oslo.messaging._drivers.impl_rabbit File "/usr/local/lib/python2.7/dist-packages/kombu/transport/pyamqp.py", line 116, in establish_connection
mdns_1 | 2016-08-31 08:21:10.283 14 ERROR oslo.messaging._drivers.impl_rabbit conn = self.Connection(**opts)
mdns_1 | 2016-08-31 08:21:10.283 14 ERROR oslo.messaging._drivers.impl_rabbit File "/usr/local/lib/python2.7/dist-packages/amqp/connection.py", line 165, in __init__
mdns_1 | 2016-08-31 08:21:10.283 14 ERROR oslo.messaging._drivers.impl_rabbit self.transport = self.Transport(host, connect_timeout, ssl)
mdns_1 | 2016-08-31 08:21:10.283 14 ERROR oslo.messaging._drivers.impl_rabbit File "/usr/local/lib/python2.7/dist-packages/amqp/connection.py", line 186, in Transport
mdns_1 | 2016-08-31 08:21:10.283 14 ERROR oslo.messaging._drivers.impl_rabbit return create_transport(host, connect_timeout, ssl)
mdns_1 | 2016-08-31 08:21:10.283 14 ERROR oslo.messaging._drivers.impl_rabbit File "/usr/local/lib/python2.7/dist-packages/amqp/transport.py", line 299, in create_transport
mdns_1 | 2016-08-31 08:21:10.283 14 ERROR oslo.messaging._drivers.impl_rabbit return TCPTransport(host, connect_timeout)
mdns_1 | 2016-08-31 08:21:10.283 14 ERROR oslo.messaging._drivers.impl_rabbit File "/usr/local/lib/python2.7/dist-packages/amqp/transport.py", line 95, in __init__
mdns_1 | 2016-08-31 08:21:10.283 14 ERROR oslo.messaging._drivers.impl_rabbit raise socket.error(last_err)
mdns_1 | 2016-08-31 08:21:10.283 14 ERROR oslo.messaging._drivers.impl_rabbit error: [Errno 111] ECONNREFUSED
mdns_1 | 2016-08-31 08:21:10.283 14 ERROR oslo.messaging._drivers.impl_rabbit
mdns_1 | 2016-08-31 08:21:10.284 14 ERROR oslo.messaging._drivers.impl_rabbit [-] [5caf121a-6c3c-4d52-aa25-becc9163ca70] AMQP server on rabbit:5672 is unreachable: [Errno 111] ECONNREFUSED. Trying again in 2 seconds. Client port: None
mdns_1 | 2016-08-31 08:21:12.263 12 DEBUG oslo.messaging._drivers.impl_rabbit [-] [c8bb91ab-0200-42f3-a493-5639318bae1d] Received recoverable error from kombu: on_error /usr/local/lib/python2.7/dist-packages/oslo_messaging/_drivers/impl_rabbit.py:712
mdns_1 | 2016-08-31 08:21:12.263 12 ERROR oslo.messaging._drivers.impl_rabbit Traceback (most recent call last):
mdns_1 | 2016-08-31 08:21:12.263 12 ERROR oslo.messaging._drivers.impl_rabbit File "/usr/local/lib/python2.7/dist-packages/kombu/utils/__init__.py", line 246, in retry_over_time
mdns_1 | 2016-08-31 08:21:12.263 12 ERROR oslo.messaging._drivers.impl_rabbit return fun(*args, **kwargs)
mdns_1 | 2016-08-31 08:21:12.263 12 ERROR oslo.messaging._drivers.impl_rabbit File "/usr/local/lib/python2.7/dist-packages/kombu/connection.py", line 237, in connect
mdns_1 | 2016-08-31 08:21:12.263 12 ERROR oslo.messaging._drivers.impl_rabbit return self.connection
mdns_1 | 2016-08-31 08:21:12.263 12 ERROR oslo.messaging._drivers.impl_rabbit File "/usr/local/lib/python2.7/dist-packages/kombu/connection.py", line 742, in connection
mdns_1 | 2016-08-31 08:21:12.263 12 ERROR oslo.messaging._drivers.impl_rabbit self._connection = self._establish_connection()
mdns_1 | 2016-08-31 08:21:12.263 12 ERROR oslo.messaging._drivers.impl_rabbit File "/usr/local/lib/python2.7/dist-packages/kombu/connection.py", line 697, in _establish_connection
mdns_1 | 2016-08-31 08:21:12.263 12 ERROR oslo.messaging._drivers.impl_rabbit conn = self.transport.establish_connection()
mdns_1 | 2016-08-31 08:21:12.263 12 ERROR oslo.messaging._drivers.impl_rabbit File "/usr/local/lib/python2.7/dist-packages/kombu/transport/pyamqp.py", line 116, in establish_connection
mdns_1 | 2016-08-31 08:21:12.263 12 ERROR oslo.messaging._drivers.impl_rabbit conn = self.Connection(**opts)
mdns_1 | 2016-08-31 08:21:12.263 12 ERROR oslo.messaging._drivers.impl_rabbit File "/usr/local/lib/python2.7/dist-packages/amqp/connection.py", line 165, in __init__
mdns_1 | 2016-08-31 08:21:12.263 12 ERROR oslo.messaging._drivers.impl_rabbit self.transport = self.Transport(host, connect_timeout, ssl)
mdns_1 | 2016-08-31 08:21:12.263 12 ERROR oslo.messaging._drivers.impl_rabbit File "/usr/local/lib/python2.7/dist-packages/amqp/connection.py", line 186, in Transport
mdns_1 | 2016-08-31 08:21:12.263 12 ERROR oslo.messaging._drivers.impl_rabbit return create_transport(host, connect_timeout, ssl)
mdns_1 | 2016-08-31 08:21:12.263 12 ERROR oslo.messaging._drivers.impl_rabbit File "/usr/local/lib/python2.7/dist-packages/amqp/transport.py", line 299, in create_transport
mdns_1 | 2016-08-31 08:21:12.263 12 ERROR oslo.messaging._drivers.impl_rabbit return TCPTransport(host, connect_timeout)
mdns_1 | 2016-08-31 08:21:12.263 12 ERROR oslo.messaging._drivers.impl_rabbit File "/usr/local/lib/python2.7/dist-packages/amqp/transport.py", line 95, in __init__
mdns_1 | 2016-08-31 08:21:12.263 12 ERROR oslo.messaging._drivers.impl_rabbit raise socket.error(last_err)
mdns_1 | 2016-08-31 08:21:12.263 12 ERROR oslo.messaging._drivers.impl_rabbit error: [Errno 111] ECONNREFUSED
mdns_1 | 2016-08-31 08:21:12.263 12 ERROR oslo.messaging._drivers.impl_rabbit
mdns_1 | 2016-08-31 08:21:12.265 12 ERROR oslo.messaging._drivers.impl_rabbit [-] [c8bb91ab-0200-42f3-a493-5639318bae1d] AMQP server on rabbit:5672 is unreachable: [Errno 111] ECONNREFUSED. Trying again in 4 seconds. Client port: None
mdns_1 | 2016-08-31 08:21:12.291 13 DEBUG oslo.messaging._drivers.impl_rabbit [-] [f6498399-8f94-4176-ba5d-5ba5e143aeb0] Received recoverable error from kombu: on_error /usr/local/lib/python2.7/dist-packages/oslo_messaging/_drivers/impl_rabbit.py:712
mdns_1 | 2016-08-31 08:21:12.291 13 ERROR oslo.messaging._drivers.impl_rabbit Traceback (most recent call last):
mdns_1 | 2016-08-31 08:21:12.291 13 ERROR oslo.messaging._drivers.impl_rabbit File "/usr/local/lib/python2.7/dist-packages/kombu/utils/__init__.py", line 246, in retry_over_time
mdns_1 | 2016-08-31 08:21:12.291 13 ERROR oslo.messaging._drivers.impl_rabbit return fun(*args, **kwargs)
mdns_1 | 2016-08-31 08:21:12.291 13 ERROR oslo.messaging._drivers.impl_rabbit File "/usr/local/lib/python2.7/dist-packages/kombu/connection.py", line 237, in connect
mdns_1 | 2016-08-31 08:21:12.291 13 ERROR oslo.messaging._drivers.impl_rabbit return self.connection
mdns_1 | 2016-08-31 08:21:12.291 13 ERROR oslo.messaging._drivers.impl_rabbit File "/usr/local/lib/python2.7/dist-packages/kombu/connection.py", line 742, in connection
mdns_1 | 2016-08-31 08:21:12.291 13 ERROR oslo.messaging._drivers.impl_rabbit self._connection = self._establish_connection()
mdns_1 | 2016-08-31 08:21:12.291 13 ERROR oslo.messaging._drivers.impl_rabbit File "/usr/local/lib/python2.7/dist-packages/kombu/connection.py", line 697, in _establish_connection
mdns_1 | 2016-08-31 08:21:12.291 13 ERROR oslo.messaging._drivers.impl_rabbit conn = self.transport.establish_connection()
mdns_1 | 2016-08-31 08:21:12.291 13 ERROR oslo.messaging._drivers.impl_rabbit File "/usr/local/lib/python2.7/dist-packages/kombu/transport/pyamqp.py", line 116, in establish_connection
mdns_1 | 2016-08-31 08:21:12.291 13 ERROR oslo.messaging._drivers.impl_rabbit conn = self.Connection(**opts)
mdns_1 | 2016-08-31 08:21:12.291 13 ERROR oslo.messaging._drivers.impl_rabbit File "/usr/local/lib/python2.7/dist-packages/amqp/connection.py", line 165, in __init__
mdns_1 | 2016-08-31 08:21:12.291 13 ERROR oslo.messaging._drivers.impl_rabbit self.transport = self.Transport(host, connect_timeout, ssl)
mdns_1 | 2016-08-31 08:21:12.291 13 ERROR oslo.messaging._drivers.impl_rabbit File "/usr/local/lib/python2.7/dist-packages/amqp/connection.py", line 186, in Transport
mdns_1 | 2016-08-31 08:21:12.291 13 ERROR oslo.messaging._drivers.impl_rabbit return create_transport(host, connect_timeout, ssl)
mdns_1 | 2016-08-31 08:21:12.291 13 ERROR oslo.messaging._drivers.impl_rabbit File "/usr/local/lib/python2.7/dist-packages/amqp/transport.py", line 299, in create_transport
mdns_1 | 2016-08-31 08:21:12.291 13 ERROR oslo.messaging._drivers.impl_rabbit return TCPTransport(host, connect_timeout)
mdns_1 | 2016-08-31 08:21:12.291 13 ERROR oslo.messaging._drivers.impl_rabbit File "/usr/local/lib/python2.7/dist-packages/amqp/transport.py", line 95, in __init__
mdns_1 | 2016-08-31 08:21:12.291 13 ERROR oslo.messaging._drivers.impl_rabbit raise socket.error(last_err)
mdns_1 | 2016-08-31 08:21:12.291 13 ERROR oslo.messaging._drivers.impl_rabbit error: [Errno 111] ECONNREFUSED
mdns_1 | 2016-08-31 08:21:12.291 13 ERROR oslo.messaging._drivers.impl_rabbit
mdns_1 | 2016-08-31 08:21:12.294 13 ERROR oslo.messaging._drivers.impl_rabbit [-] [f6498399-8f94-4176-ba5d-5ba5e143aeb0] AMQP server on rabbit:5672 is unreachable: [Errno 111] ECONNREFUSED. Trying again in 4 seconds. Client port: None
mdns_1 | 2016-08-31 08:21:12.293 14 DEBUG oslo.messaging._drivers.impl_rabbit [-] [5caf121a-6c3c-4d52-aa25-becc9163ca70] Received recoverable error from kombu: on_error /usr/local/lib/python2.7/dist-packages/oslo_messaging/_drivers/impl_rabbit.py:712
mdns_1 | 2016-08-31 08:21:12.293 14 ERROR oslo.messaging._drivers.impl_rabbit Traceback (most recent call last):
mdns_1 | 2016-08-31 08:21:12.293 14 ERROR oslo.messaging._drivers.impl_rabbit File "/usr/local/lib/python2.7/dist-packages/kombu/utils/__init__.py", line 246, in retry_over_time
mdns_1 | 2016-08-31 08:21:12.293 14 ERROR oslo.messaging._drivers.impl_rabbit return fun(*args, **kwargs)
mdns_1 | 2016-08-31 08:21:12.293 14 ERROR oslo.messaging._drivers.impl_rabbit File "/usr/local/lib/python2.7/dist-packages/kombu/connection.py", line 237, in connect
mdns_1 | 2016-08-31 08:21:12.293 14 ERROR oslo.messaging._drivers.impl_rabbit return self.connection
mdns_1 | 2016-08-31 08:21:12.293 14 ERROR oslo.messaging._drivers.impl_rabbit File "/usr/local/lib/python2.7/dist-packages/kombu/connection.py", line 742, in connection
mdns_1 | 2016-08-31 08:21:12.293 14 ERROR oslo.messaging._drivers.impl_rabbit self._connection = self._establish_connection()
mdns_1 | 2016-08-31 08:21:12.293 14 ERROR oslo.messaging._drivers.impl_rabbit File "/usr/local/lib/python2.7/dist-packages/kombu/connection.py", line 697, in _establish_connection
mdns_1 | 2016-08-31 08:21:12.293 14 ERROR oslo.messaging._drivers.impl_rabbit conn = self.transport.establish_connection()
mdns_1 | 2016-08-31 08:21:12.293 14 ERROR oslo.messaging._drivers.impl_rabbit File "/usr/local/lib/python2.7/dist-packages/kombu/transport/pyamqp.py", line 116, in establish_connection
mdns_1 | 2016-08-31 08:21:12.293 14 ERROR oslo.messaging._drivers.impl_rabbit conn = self.Connection(**opts)
mdns_1 | 2016-08-31 08:21:12.293 14 ERROR oslo.messaging._drivers.impl_rabbit File "/usr/local/lib/python2.7/dist-packages/amqp/connection.py", line 165, in __init__
mdns_1 | 2016-08-31 08:21:12.293 14 ERROR oslo.messaging._drivers.impl_rabbit self.transport = self.Transport(host, connect_timeout, ssl)
mdns_1 | 2016-08-31 08:21:12.293 14 ERROR oslo.messaging._drivers.impl_rabbit File "/usr/local/lib/python2.7/dist-packages/amqp/connection.py", line 186, in Transport
mdns_1 | 2016-08-31 08:21:12.293 14 ERROR oslo.messaging._drivers.impl_rabbit return create_transport(host, connect_timeout, ssl)
mdns_1 | 2016-08-31 08:21:12.293 14 ERROR oslo.messaging._drivers.impl_rabbit File "/usr/local/lib/python2.7/dist-packages/amqp/transport.py", line 299, in create_transport
mdns_1 | 2016-08-31 08:21:12.293 14 ERROR oslo.messaging._drivers.impl_rabbit return TCPTransport(host, connect_timeout)
mdns_1 | 2016-08-31 08:21:12.293 14 ERROR oslo.messaging._drivers.impl_rabbit File "/usr/local/lib/python2.7/dist-packages/amqp/transport.py", line 95, in __init__
mdns_1 | 2016-08-31 08:21:12.293 14 ERROR oslo.messaging._drivers.impl_rabbit raise socket.error(last_err)
mdns_1 | 2016-08-31 08:21:12.293 14 ERROR oslo.messaging._drivers.impl_rabbit error: [Errno 111] ECONNREFUSED
mdns_1 | 2016-08-31 08:21:12.293 14 ERROR oslo.messaging._drivers.impl_rabbit
mdns_1 | 2016-08-31 08:21:12.295 14 ERROR oslo.messaging._drivers.impl_rabbit [-] [5caf121a-6c3c-4d52-aa25-becc9163ca70] AMQP server on rabbit:5672 is unreachable: [Errno 111] ECONNREFUSED. Trying again in 4 seconds. Client port: None
mdns_1 | 2016-08-31 08:21:16.276 12 DEBUG oslo.messaging._drivers.impl_rabbit [-] [c8bb91ab-0200-42f3-a493-5639318bae1d] Failed to get socket attribute: 'NoneType' object has no attribute 'connection' set_transport_socket_timeout /usr/local/lib/python2.7/dist-packages/oslo_messaging/_drivers/impl_rabbit.py:908
mdns_1 | 2016-08-31 08:21:16.277 12 INFO oslo.messaging._drivers.impl_rabbit [-] [c8bb91ab-0200-42f3-a493-5639318bae1d] Reconnected to AMQP server on rabbit:5672 via [amqp] clientwith port 52956.
mdns_1 | 2016-08-31 08:21:16.277 12 DEBUG oslo.messaging._drivers.impl_rabbit [-] [c8bb91ab-0200-42f3-a493-5639318bae1d] Connected to AMQP server on rabbit:5672 via [amqp] client with port 52956. __init__ /usr/local/lib/python2.7/dist-packages/oslo_messaging/_drivers/impl_rabbit.py:594
mdns_1 | 2016-08-31 08:21:16.278 12 DEBUG oslo.messaging._drivers.impl_rabbit [-] [c8bb91ab-0200-42f3-a493-5639318bae1d] Queue.declare: mdns declare /usr/local/lib/python2.7/dist-packages/oslo_messaging/_drivers/impl_rabbit.py:299
mdns_1 | 2016-08-31 08:21:16.282 12 DEBUG oslo.messaging._drivers.impl_rabbit [-] [c8bb91ab-0200-42f3-a493-5639318bae1d] Queue.declare: mdns.5616ee1399ce declare /usr/local/lib/python2.7/dist-packages/oslo_messaging/_drivers/impl_rabbit.py:299
mdns_1 | 2016-08-31 08:21:16.302 12 DEBUG oslo.messaging._drivers.impl_rabbit [-] [c8bb91ab-0200-42f3-a493-5639318bae1d] Queue.declare: mdns_fanout_8dc5466eef014d76b92940c17b46fded declare /usr/local/lib/python2.7/dist-packages/oslo_messaging/_drivers/impl_rabbit.py:299
mdns_1 | 2016-08-31 08:21:16.307 12 WARNING oslo_config.cfg [-] Option "port" from group "service:mdns" is deprecated for removal. Its value may be silently ignored in the future.
mdns_1 | 2016-08-31 08:21:16.307 12 WARNING designate.service [-] host and port config options used, the 'listen' option has been ignored
mdns_1 | 2016-08-31 08:21:16.307 12 INFO designate.utils [-] Opening TCP Listening Socket on 0.0.0.0:5354
mdns_1 | 2016-08-31 08:21:16.308 12 INFO designate.utils [-] Opening UDP Listening Socket on 0.0.0.0:5354
mdns_1 | 2016-08-31 08:21:16.308 12 INFO designate.service [-] _handle_tcp thread started
mdns_1 | 2016-08-31 08:21:16.309 12 INFO designate.service [-] _handle_udp thread started
mdns_1 | 2016-08-31 08:21:16.312 14 DEBUG oslo.messaging._drivers.impl_rabbit [-] [5caf121a-6c3c-4d52-aa25-becc9163ca70] Failed to get socket attribute: 'NoneType' object has no attribute 'connection' set_transport_socket_timeout /usr/local/lib/python2.7/dist-packages/oslo_messaging/_drivers/impl_rabbit.py:908
mdns_1 | 2016-08-31 08:21:16.313 14 INFO oslo.messaging._drivers.impl_rabbit [-] [5caf121a-6c3c-4d52-aa25-becc9163ca70] Reconnected to AMQP server on rabbit:5672 via [amqp] clientwith port 52958.
mdns_1 | 2016-08-31 08:21:16.313 14 DEBUG oslo.messaging._drivers.impl_rabbit [-] [5caf121a-6c3c-4d52-aa25-becc9163ca70] Connected to AMQP server on rabbit:5672 via [amqp] client with port 52958. __init__ /usr/local/lib/python2.7/dist-packages/oslo_messaging/_drivers/impl_rabbit.py:594
mdns_1 | 2016-08-31 08:21:16.314 14 DEBUG oslo.messaging._drivers.impl_rabbit [-] [5caf121a-6c3c-4d52-aa25-becc9163ca70] Queue.declare: mdns declare /usr/local/lib/python2.7/dist-packages/oslo_messaging/_drivers/impl_rabbit.py:299
mdns_1 | 2016-08-31 08:21:16.315 13 DEBUG oslo.messaging._drivers.impl_rabbit [-] [f6498399-8f94-4176-ba5d-5ba5e143aeb0] Failed to get socket attribute: 'NoneType' object has no attribute 'connection' set_transport_socket_timeout /usr/local/lib/python2.7/dist-packages/oslo_messaging/_drivers/impl_rabbit.py:908
mdns_1 | 2016-08-31 08:21:16.315 13 INFO oslo.messaging._drivers.impl_rabbit [-] [f6498399-8f94-4176-ba5d-5ba5e143aeb0] Reconnected to AMQP server on rabbit:5672 via [amqp] clientwith port 52960.
mdns_1 | 2016-08-31 08:21:16.316 13 DEBUG oslo.messaging._drivers.impl_rabbit [-] [f6498399-8f94-4176-ba5d-5ba5e143aeb0] Connected to AMQP server on rabbit:5672 via [amqp] client with port 52960. __init__ /usr/local/lib/python2.7/dist-packages/oslo_messaging/_drivers/impl_rabbit.py:594
mdns_1 | 2016-08-31 08:21:16.316 13 DEBUG oslo.messaging._drivers.impl_rabbit [-] [f6498399-8f94-4176-ba5d-5ba5e143aeb0] Queue.declare: mdns declare /usr/local/lib/python2.7/dist-packages/oslo_messaging/_drivers/impl_rabbit.py:299
mdns_1 | 2016-08-31 08:21:16.318 13 DEBUG oslo.messaging._drivers.impl_rabbit [-] [f6498399-8f94-4176-ba5d-5ba5e143aeb0] Queue.declare: mdns.5616ee1399ce declare /usr/local/lib/python2.7/dist-packages/oslo_messaging/_drivers/impl_rabbit.py:299
