producer_1 | 2016-08-31 08:21:09.626 1 ERROR oslo.messaging._drivers.impl_rabbit self._connection = self._establish_connection()
central_1 | 2016-08-31 08:21:08.895 1 DEBUG oslo_service.service [-] backend:infoblox.dns_view = default log_opt_values /usr/local/lib/python2.7/dist-packages/oslo_config/cfg.py:2626
api_1 | 2016-08-31 08:21:09.544 1 DEBUG designate.utils [-] Searching for configuration at path: /code/etc/designate/api-paste.ini find_config /code/designate/utils.py:96
mdns_1 | 2016-08-31 08:21:09.277 1 DEBUG oslo_service.service [-] backend:powerdns.max_overflow = 50 log_opt_values /usr/local/lib/python2.7/dist-packages/oslo_config/cfg.py:2626
central_1 | 2016-08-31 08:21:08.895 1 DEBUG oslo_service.service [-] backend:infoblox.http_pool_connections = 100 log_opt_values /usr/local/lib/python2.7/dist-packages/oslo_config/cfg.py:2626
mdns_1 | 2016-08-31 08:21:09.277 1 DEBUG oslo_service.service [-] backend:powerdns.max_pool_size = 5 log_opt_values /usr/local/lib/python2.7/dist-packages/oslo_config/cfg.py:2626
producer_1 | 2016-08-31 08:21:09.626 1 ERROR oslo.messaging._drivers.impl_rabbit File "/usr/local/lib/python2.7/dist-packages/kombu/connection.py", line 697, in _establish_connection
api_1 | 2016-08-31 08:21:09.545 1 DEBUG designate.utils [-] Found configuration at path: /code/etc/designate/api-paste.ini find_config /code/designate/utils.py:98
central_1 | 2016-08-31 08:21:08.895 1 DEBUG oslo_service.service [-] backend:infoblox.http_pool_maxsize = 100 log_opt_values /usr/local/lib/python2.7/dist-packages/oslo_config/cfg.py:2626
mdns_1 | 2016-08-31 08:21:09.278 1 DEBUG oslo_service.service [-] backend:powerdns.max_retries = 10 log_opt_values /usr/local/lib/python2.7/dist-packages/oslo_config/cfg.py:2626
producer_1 | 2016-08-31 08:21:09.626 1 ERROR oslo.messaging._drivers.impl_rabbit conn = self.transport.establish_connection()
mdns_1 | 2016-08-31 08:21:09.278 1 DEBUG oslo_service.service [-] backend:powerdns.min_pool_size = 1 log_opt_values /usr/local/lib/python2.7/dist-packages/oslo_config/cfg.py:2626
central_1 | 2016-08-31 08:21:08.896 1 DEBUG oslo_service.service [-] backend:infoblox.multi_tenant = False log_opt_values /usr/local/lib/python2.7/dist-packages/oslo_config/cfg.py:2626
producer_1 | 2016-08-31 08:21:09.626 1 ERROR oslo.messaging._drivers.impl_rabbit File "/usr/local/lib/python2.7/dist-packages/kombu/transport/pyamqp.py", line 116, in establish_connection
api_1 | 2016-08-31 08:21:09.545 1 DEBUG designate.utils [-] Searching for configuration at path: /code/etc/api-paste.ini find_config /code/designate/utils.py:96
mdns_1 | 2016-08-31 08:21:09.278 1 DEBUG oslo_service.service [-] backend:powerdns.mysql_sql_mode = TRADITIONAL log_opt_values /usr/local/lib/python2.7/dist-packages/oslo_config/cfg.py:2626
central_1 | 2016-08-31 08:21:08.896 1 DEBUG oslo_service.service [-] backend:infoblox.network_view = default log_opt_values /usr/local/lib/python2.7/dist-packages/oslo_config/cfg.py:2626
api_1 | 2016-08-31 08:21:09.545 1 DEBUG designate.utils [-] Searching for configuration at path: /code/api-paste.ini find_config /code/designate/utils.py:96
producer_1 | 2016-08-31 08:21:09.626 1 ERROR oslo.messaging._drivers.impl_rabbit conn = self.Connection(**opts)
mdns_1 | 2016-08-31 08:21:09.279 1 DEBUG oslo_service.service [-] backend:powerdns.pool_timeout = None log_opt_values /usr/local/lib/python2.7/dist-packages/oslo_config/cfg.py:2626
api_1 | 2016-08-31 08:21:09.545 1 DEBUG designate.utils [-] Searching for configuration at path: /etc/designate/api-paste.ini find_config /code/designate/utils.py:96
producer_1 | 2016-08-31 08:21:09.626 1 ERROR oslo.messaging._drivers.impl_rabbit File "/usr/local/lib/python2.7/dist-packages/amqp/connection.py", line 165, in __init__
mdns_1 | 2016-08-31 08:21:09.279 1 DEBUG oslo_service.service [-] backend:powerdns.retry_interval = 10 log_opt_values /usr/local/lib/python2.7/dist-packages/oslo_config/cfg.py:2626
central_1 | 2016-08-31 08:21:08.896 1 DEBUG oslo_service.service [-] backend:infoblox.ns_group = None log_opt_values /usr/local/lib/python2.7/dist-packages/oslo_config/cfg.py:2626
api_1 | 2016-08-31 08:21:09.546 1 DEBUG designate.utils [-] Found configuration at path: /etc/designate/api-paste.ini find_config /code/designate/utils.py:98
central_1 | 2016-08-31 08:21:08.896 1 DEBUG oslo_service.service [-] backend:infoblox.password = **** log_opt_values /usr/local/lib/python2.7/dist-packages/oslo_config/cfg.py:2626
mdns_1 | 2016-08-31 08:21:09.279 1 DEBUG oslo_service.service [-] backend:powerdns.sqlite_synchronous = True log_opt_values /usr/local/lib/python2.7/dist-packages/oslo_config/cfg.py:2626
producer_1 | 2016-08-31 08:21:09.626 1 ERROR oslo.messaging._drivers.impl_rabbit self.transport = self.Transport(host, connect_timeout, ssl)
api_1 | 2016-08-31 08:21:09.546 1 INFO designate.api.service [-] Using api-paste-config found at: /code/etc/designate/api-paste.ini
central_1 | 2016-08-31 08:21:08.897 1 DEBUG oslo_service.service [-] backend:infoblox.sslverify = True log_opt_values /usr/local/lib/python2.7/dist-packages/oslo_config/cfg.py:2626
mdns_1 | 2016-08-31 08:21:09.280 1 DEBUG oslo_service.service [-] backend:powerdns.use_db_reconnect = False log_opt_values /usr/local/lib/python2.7/dist-packages/oslo_config/cfg.py:2626
producer_1 | 2016-08-31 08:21:09.626 1 ERROR oslo.messaging._drivers.impl_rabbit File "/usr/local/lib/python2.7/dist-packages/amqp/connection.py", line 186, in Transport
api_1 | 2016-08-31 08:21:09.616 1 INFO designate.api.middleware [-] Getting auth pipeline: ['http_proxy_to_wsgi', 'cors', 'request_id', 'faultwrapper', 'validation_API_v2', 'noauthcontext', 'maintenance', 'normalizeuri']
mdns_1 | 2016-08-31 08:21:09.280 1 DEBUG oslo_service.service [-] service:central.default_pool_id = 794ccc2c-d751-44fe-b57f-8894c9f5c842 log_opt_values /usr/local/lib/python2.7/dist-packages/oslo_config/cfg.py:2626
central_1 | 2016-08-31 08:21:08.897 1 DEBUG oslo_service.service [-] backend:infoblox.username = None log_opt_values /usr/local/lib/python2.7/dist-packages/oslo_config/cfg.py:2626
api_1 | 2016-08-31 08:21:09.687 1 INFO designate.api.middleware [-] Starting designate maintenance middleware
central_1 | 2016-08-31 08:21:08.897 1 DEBUG oslo_service.service [-] backend:infoblox.wapi_url = None log_opt_values /usr/local/lib/python2.7/dist-packages/oslo_config/cfg.py:2626
producer_1 | 2016-08-31 08:21:09.626 1 ERROR oslo.messaging._drivers.impl_rabbit return create_transport(host, connect_timeout, ssl)
mdns_1 | 2016-08-31 08:21:09.280 1 DEBUG oslo_service.service [-] service:central.enabled_notification_handlers = [] log_opt_values /usr/local/lib/python2.7/dist-packages/oslo_config/cfg.py:2626
api_1 | 2016-08-31 08:21:09.688 1 INFO designate.api.middleware [-] Starting designate noauthcontext middleware
central_1 | 2016-08-31 08:21:08.898 1 DEBUG oslo_service.service [-] ******************************************************************************** log_opt_values /usr/local/lib/python2.7/dist-packages/oslo_config/cfg.py:2628
producer_1 | 2016-08-31 08:21:09.626 1 ERROR oslo.messaging._drivers.impl_rabbit File "/usr/local/lib/python2.7/dist-packages/amqp/transport.py", line 299, in create_transport
api_1 | 2016-08-31 08:21:09.688 1 INFO designate.api.middleware [-] Starting designate validation middleware
mdns_1 | 2016-08-31 08:21:09.280 1 DEBUG oslo_service.service [-] service:central.managed_resource_email = hostmaster@example.com log_opt_values /usr/local/lib/python2.7/dist-packages/oslo_config/cfg.py:2626
central_1 | 2016-08-31 08:21:08.898 1 DEBUG designate.plugin [-] Looking for driver sqlalchemy in designate.storage get_driver /code/designate/plugin.py:115
producer_1 | 2016-08-31 08:21:09.626 1 ERROR oslo.messaging._drivers.impl_rabbit return TCPTransport(host, connect_timeout)
api_1 | 2016-08-31 08:21:09.688 1 INFO designate.api.middleware [-] Starting designate faultwrapper middleware
mdns_1 | 2016-08-31 08:21:09.281 1 DEBUG oslo_service.service [-] service:central.managed_resource_tenant_id = 00000000-0000-0000-0000-000000000000 log_opt_values /usr/local/lib/python2.7/dist-packages/oslo_config/cfg.py:2626
central_1 | 2016-08-31 08:21:08.940 1 DEBUG designate.plugin [-] Loaded plugin storage:sqlalchemy __init__ /code/designate/plugin.py:39
api_1 | 2016-08-31 08:21:09.692 1 INFO designate.api.middleware [-] Getting auth pipeline: ['http_proxy_to_wsgi', 'cors', 'request_id', 'faultwrapper', 'noauthcontext', 'maintenance', 'normalizeuri']
mdns_1 | 2016-08-31 08:21:09.281 1 DEBUG oslo_service.service [-] service:central.max_recordset_name_len = 255 log_opt_values /usr/local/lib/python2.7/dist-packages/oslo_config/cfg.py:2626
central_1 | 2016-08-31 08:21:08.963 1 WARNING oslo_db.sqlalchemy.engines [-] SQL connection failed. 10 attempts left.
producer_1 | 2016-08-31 08:21:09.626 1 ERROR oslo.messaging._drivers.impl_rabbit File "/usr/local/lib/python2.7/dist-packages/amqp/transport.py", line 95, in __init__
mdns_1 | 2016-08-31 08:21:09.281 1 DEBUG oslo_service.service [-] service:central.max_zone_name_len = 255 log_opt_values /usr/local/lib/python2.7/dist-packages/oslo_config/cfg.py:2626
central_1 | 2016-08-31 08:21:18.972 1 DEBUG oslo_db.sqlalchemy.engines [-] MySQL server mode set to STRICT_TRANS_TABLES,STRICT_ALL_TABLES,NO_ZERO_IN_DATE,NO_ZERO_DATE,ERROR_FOR_DIVISION_BY_ZERO,TRADITIONAL,NO_AUTO_CREATE_USER,NO_ENGINE_SUBSTITUTION _check_effective_sql_mode /usr/local/lib/python2.7/dist-packages/oslo_db/sqlalchemy/engines.py:261
producer_1 | 2016-08-31 08:21:09.626 1 ERROR oslo.messaging._drivers.impl_rabbit raise socket.error(last_err)
api_1 | 2016-08-31 08:21:09.710 1 WARNING stevedore.named [-] Could not load counts, tenants
mdns_1 | 2016-08-31 08:21:09.281 1 DEBUG oslo_service.service [-] service:central.min_ttl = None log_opt_values /usr/local/lib/python2.7/dist-packages/oslo_config/cfg.py:2626
producer_1 | 2016-08-31 08:21:09.626 1 ERROR oslo.messaging._drivers.impl_rabbit error: [Errno 111] ECONNREFUSED
api_1 | 2016-08-31 08:21:09.710 1 INFO designate.api.admin.controllers.root [-] Registering an API extension at path .quotas
central_1 | 2016-08-31 08:21:18.979 1 INFO designate.central.service [-] NOT checking for TLDs
mdns_1 | 2016-08-31 08:21:09.282 1 DEBUG oslo_service.service [-] service:central.storage_driver = sqlalchemy log_opt_values /usr/local/lib/python2.7/dist-packages/oslo_config/cfg.py:2626
producer_1 | 2016-08-31 08:21:09.626 1 ERROR oslo.messaging._drivers.impl_rabbit
api_1 | 2016-08-31 08:21:09.710 1 INFO designate.api.admin.controllers.root [-] Registering an API extension at path .reports
mdns_1 | 2016-08-31 08:21:09.282 1 DEBUG oslo_service.service [-] service:central.threads = 1000 log_opt_values /usr/local/lib/python2.7/dist-packages/oslo_config/cfg.py:2626
central_1 | 2016-08-31 08:21:18.979 1 WARNING designate.central.service [-] Managed Resource Tenant ID is not properly configured
api_1 | 2016-08-31 08:21:09.711 1 INFO designate.api.middleware [-] Starting designate maintenance middleware
mdns_1 | 2016-08-31 08:21:09.282 1 DEBUG oslo_service.service [-] service:central.workers = None log_opt_values /usr/local/lib/python2.7/dist-packages/oslo_config/cfg.py:2626
producer_1 | 2016-08-31 08:21:09.627 1 ERROR oslo.messaging._drivers.impl_rabbit [-] [84c86116-b1f0-40d6-ad98-df2527288c03] AMQP server on rabbit:5672 is unreachable: [Errno 111] ECONNREFUSED. Trying again in 2 seconds. Client port: None
central_1 | 2016-08-31 08:21:18.981 1 INFO designate.service [-] Starting central service (version: 3.0.0)
api_1 | 2016-08-31 08:21:09.711 1 INFO designate.api.middleware [-] Starting designate noauthcontext middleware
producer_1 | 2016-08-31 08:21:11.636 1 DEBUG oslo.messaging._drivers.impl_rabbit [-] [84c86116-b1f0-40d6-ad98-df2527288c03] Received recoverable error from kombu: on_error /usr/local/lib/python2.7/dist-packages/oslo_messaging/_drivers/impl_rabbit.py:712
central_1 | 2016-08-31 08:21:18.981 1 DEBUG designate.service [-] Starting RPC server on topic 'central' start /code/designate/service.py:175
api_1 | 2016-08-31 08:21:09.711 1 INFO designate.api.middleware [-] Starting designate faultwrapper middleware
mdns_1 | 2016-08-31 08:21:09.283 1 DEBUG oslo_service.service [-] backend:akamai.enhanceddns_wsdl = file:///code/designate/backend/../resources/wsdl/EnhancedDNS.xml log_opt_values /usr/local/lib/python2.7/dist-packages/oslo_config/cfg.py:2626
producer_1 | 2016-08-31 08:21:11.636 1 ERROR oslo.messaging._drivers.impl_rabbit Traceback (most recent call last):
central_1 | 2016-08-31 08:21:18.982 1 DEBUG oslo.messaging._drivers.pool [-] Pool creating new connection create /usr/local/lib/python2.7/dist-packages/oslo_messaging/_drivers/pool.py:143
api_1 | 2016-08-31 08:21:09.715 1 INFO designate.api.middleware [-] Getting auth pipeline: ['http_proxy_to_wsgi', 'cors', 'request_id', 'noauthcontext', 'maintenance', 'validation_API_v1', 'faultwrapper_v1', 'normalizeuri']
mdns_1 | 2016-08-31 08:21:09.284 1 DEBUG oslo_service.service [-] service:mdns.all_tcp = True log_opt_values /usr/local/lib/python2.7/dist-packages/oslo_config/cfg.py:2626
producer_1 | 2016-08-31 08:21:11.636 1 ERROR oslo.messaging._drivers.impl_rabbit File "/usr/local/lib/python2.7/dist-packages/kombu/utils/__init__.py", line 246, in retry_over_time
central_1 | 2016-08-31 08:21:18.987 1 DEBUG oslo.messaging._drivers.impl_rabbit [-] [e23d35f6-1e21-473b-95b0-0186699d3ad3] Connecting to AMQP server on rabbit:5672 __init__ /usr/local/lib/python2.7/dist-packages/oslo_messaging/_drivers/impl_rabbit.py:566
mdns_1 | 2016-08-31 08:21:09.284 1 DEBUG oslo_service.service [-] service:mdns.host = None log_opt_values /usr/local/lib/python2.7/dist-packages/oslo_config/cfg.py:2626
api_1 | 2016-08-31 08:21:09.724 1 INFO designate.api.middleware [-] Starting designate faultwrapper middleware
producer_1 | 2016-08-31 08:21:11.636 1 ERROR oslo.messaging._drivers.impl_rabbit return fun(*args, **kwargs)
central_1 | 2016-08-31 08:21:18.996 1 DEBUG oslo.messaging._drivers.impl_rabbit [-] [e23d35f6-1e21-473b-95b0-0186699d3ad3] Connected to AMQP server on rabbit:5672 via [amqp] client with port 57316. __init__ /usr/local/lib/python2.7/dist-packages/oslo_messaging/_drivers/impl_rabbit.py:594
api_1 | 2016-08-31 08:21:09.724 1 INFO designate.api.middleware [-] Starting designate validation middleware
mdns_1 | 2016-08-31 08:21:09.284 1 DEBUG oslo_service.service [-] service:mdns.listen = ['0.0.0.0:5354'] log_opt_values /usr/local/lib/python2.7/dist-packages/oslo_config/cfg.py:2626
producer_1 | 2016-08-31 08:21:11.636 1 ERROR oslo.messaging._drivers.impl_rabbit File "/usr/local/lib/python2.7/dist-packages/kombu/connection.py", line 237, in connect
central_1 | 2016-08-31 08:21:18.997 1 DEBUG oslo.messaging._drivers.impl_rabbit [-] [e23d35f6-1e21-473b-95b0-0186699d3ad3] Queue.declare: central declare /usr/local/lib/python2.7/dist-packages/oslo_messaging/_drivers/impl_rabbit.py:299
api_1 | 2016-08-31 08:21:09.725 1 INFO designate.api.middleware [-] Starting designate maintenance middleware
mdns_1 | 2016-08-31 08:21:09.284 1 DEBUG oslo_service.service [-] service:mdns.max_message_size = 65535 log_opt_values /usr/local/lib/python2.7/dist-packages/oslo_config/cfg.py:2626
producer_1 | 2016-08-31 08:21:11.636 1 ERROR oslo.messaging._drivers.impl_rabbit return self.connection
central_1 | 2016-08-31 08:21:19.001 1 DEBUG oslo.messaging._drivers.impl_rabbit [-] [e23d35f6-1e21-473b-95b0-0186699d3ad3] Queue.declare: central.bd36deb6c4e6 declare /usr/local/lib/python2.7/dist-packages/oslo_messaging/_drivers/impl_rabbit.py:299
mdns_1 | 2016-08-31 08:21:09.285 1 WARNING oslo_config.cfg [-] Option "port" from group "service:mdns" is deprecated for removal. Its value may be silently ignored in the future.
producer_1 | 2016-08-31 08:21:11.636 1 ERROR oslo.messaging._drivers.impl_rabbit File "/usr/local/lib/python2.7/dist-packages/kombu/connection.py", line 742, in connection
api_1 | 2016-08-31 08:21:09.725 1 INFO designate.api.middleware [-] Starting designate noauthcontext middleware
mdns_1 | 2016-08-31 08:21:09.285 1 DEBUG oslo_service.service [-] service:mdns.port = 5354 log_opt_values /usr/local/lib/python2.7/dist-packages/oslo_config/cfg.py:2626
api_1 | 2016-08-31 08:21:09.728 1 INFO designate.api.middleware [-] Getting auth pipeline: ['http_proxy_to_wsgi', 'cors', 'maintenance', 'faultwrapper']
producer_1 | 2016-08-31 08:21:11.636 1 ERROR oslo.messaging._drivers.impl_rabbit self._connection = self._establish_connection()
central_1 | 2016-08-31 08:21:19.005 1 DEBUG oslo.messaging._drivers.impl_rabbit [-] [e23d35f6-1e21-473b-95b0-0186699d3ad3] Queue.declare: central_fanout_e1e0fddb1a3a4ca3a2eb87cb459e2529 declare /usr/local/lib/python2.7/dist-packages/oslo_messaging/_drivers/impl_rabbit.py:299
mdns_1 | 2016-08-31 08:21:09.285 1 DEBUG oslo_service.service [-] service:mdns.query_enforce_tsig = False log_opt_values /usr/local/lib/python2.7/dist-packages/oslo_config/cfg.py:2626
api_1 | 2016-08-31 08:21:09.734 1 INFO designate.api.middleware [-] Starting designate faultwrapper middleware
producer_1 | 2016-08-31 08:21:11.636 1 ERROR oslo.messaging._drivers.impl_rabbit File "/usr/local/lib/python2.7/dist-packages/kombu/connection.py", line 697, in _establish_connection
central_1 | 2016-08-31 08:21:25.386 1 DEBUG oslo.messaging._drivers.pool [req-79fac00b-48c6-4a4c-8f30-afbbc242f554 noauth-user noauth-project - - -] Pool creating new connection create /usr/local/lib/python2.7/dist-packages/oslo_messaging/_drivers/pool.py:143
mdns_1 | 2016-08-31 08:21:09.285 1 DEBUG oslo_service.service [-] service:mdns.storage_driver = sqlalchemy log_opt_values /usr/local/lib/python2.7/dist-packages/oslo_config/cfg.py:2626
api_1 | 2016-08-31 08:21:09.734 1 INFO designate.api.middleware [-] Starting designate maintenance middleware
producer_1 | 2016-08-31 08:21:11.636 1 ERROR oslo.messaging._drivers.impl_rabbit conn = self.transport.establish_connection()
central_1 | 2016-08-31 08:21:25.388 1 DEBUG oslo.messaging._drivers.impl_rabbit [req-79fac00b-48c6-4a4c-8f30-afbbc242f554 noauth-user noauth-project - - -] [30060930-4b56-4b4c-8a62-ec8d97e98fe6] Connecting to AMQP server on rabbit:5672 __init__ /usr/local/lib/python2.7/dist-packages/oslo_messaging/_drivers/impl_rabbit.py:566
mdns_1 | 2016-08-31 08:21:09.286 1 DEBUG oslo_service.service [-] service:mdns.tcp_backlog = 100 log_opt_values /usr/local/lib/python2.7/dist-packages/oslo_config/cfg.py:2626
api_1 | 2016-08-31 08:21:09.737 1 INFO eventlet.wsgi [-] (1) wsgi starting up on http://0.0.0.0:9001
producer_1 | 2016-08-31 08:21:11.636 1 ERROR oslo.messaging._drivers.impl_rabbit File "/usr/local/lib/python2.7/dist-packages/kombu/transport/pyamqp.py", line 116, in establish_connection
central_1 | 2016-08-31 08:21:25.398 1 DEBUG oslo.messaging._drivers.impl_rabbit [req-79fac00b-48c6-4a4c-8f30-afbbc242f554 noauth-user noauth-project - - -] [30060930-4b56-4b4c-8a62-ec8d97e98fe6] Connected to AMQP server on rabbit:5672 via [amqp] client with port 57320. __init__ /usr/local/lib/python2.7/dist-packages/oslo_messaging/_drivers/impl_rabbit.py:594
mdns_1 | 2016-08-31 08:21:09.286 1 DEBUG oslo_service.service [-] service:mdns.tcp_recv_timeout = 0.5 log_opt_values /usr/local/lib/python2.7/dist-packages/oslo_config/cfg.py:2626
producer_1 | 2016-08-31 08:21:11.636 1 ERROR oslo.messaging._drivers.impl_rabbit conn = self.Connection(**opts)
api_1 | 2016-08-31 08:21:14.547 1 DEBUG oslo.messaging._drivers.pool [req-fd22e132-aee9-453d-84dc-9df8840c009e - - - - -] Pool creating new connection create /usr/local/lib/python2.7/dist-packages/oslo_messaging/_drivers/pool.py:143
central_1 | 2016-08-31 08:21:25.561 1 DEBUG oslo_concurrency.lockutils [req-36069d64-c09d-4c7b-be99-d8d03b0cb119 noauth-user noauth-project - - -] Acquired semaphore "zone-None" lock /usr/local/lib/python2.7/dist-packages/oslo_concurrency/lockutils.py:212
mdns_1 | 2016-08-31 08:21:09.286 1 DEBUG oslo_service.service [-] service:mdns.threads = 1000 log_opt_values /usr/local/lib/python2.7/dist-packages/oslo_config/cfg.py:2626
producer_1 | 2016-08-31 08:21:11.636 1 ERROR oslo.messaging._drivers.impl_rabbit File "/usr/local/lib/python2.7/dist-packages/amqp/connection.py", line 165, in __init__
api_1 | 2016-08-31 08:21:14.551 1 DEBUG oslo.messaging._drivers.impl_rabbit [req-fd22e132-aee9-453d-84dc-9df8840c009e - - - - -] [e9e2a5ca-fdef-4fb2-91f1-7fe0eda98bb8] Connecting to AMQP server on rabbit:5672 __init__ /usr/local/lib/python2.7/dist-packages/oslo_messaging/_drivers/impl_rabbit.py:566
central_1 | 2016-08-31 08:21:25.565 1 DEBUG designate.quota [req-36069d64-c09d-4c7b-be99-d8d03b0cb119 noauth-user noauth-project - - -] Loading quota driver: storage get_quota /code/designate/quota/__init__.py:43
mdns_1 | 2016-08-31 08:21:09.286 1 DEBUG oslo_service.service [-] service:mdns.workers = 3 log_opt_values /usr/local/lib/python2.7/dist-packages/oslo_config/cfg.py:2626
producer_1 | 2016-08-31 08:21:11.636 1 ERROR oslo.messaging._drivers.impl_rabbit self.transport = self.Transport(host, connect_timeout, ssl)
central_1 | 2016-08-31 08:21:25.565 1 DEBUG designate.plugin [req-36069d64-c09d-4c7b-be99-d8d03b0cb119 noauth-user noauth-project - - -] Looking for driver storage in designate.quota get_driver /code/designate/plugin.py:115
mdns_1 | 2016-08-31 08:21:09.289 1 DEBUG oslo_service.service [-] service:mdns.xfr_timeout = 10 log_opt_values /usr/local/lib/python2.7/dist-packages/oslo_config/cfg.py:2626
api_1 | 2016-08-31 08:21:14.562 1 DEBUG oslo.messaging._drivers.impl_rabbit [req-fd22e132-aee9-453d-84dc-9df8840c009e - - - - -] [e9e2a5ca-fdef-4fb2-91f1-7fe0eda98bb8] Connected to AMQP server on rabbit:5672 via [amqp] client with port 54900. __init__ /usr/local/lib/python2.7/dist-packages/oslo_messaging/_drivers/impl_rabbit.py:594
central_1 | 2016-08-31 08:21:25.567 1 DEBUG designate.plugin [req-36069d64-c09d-4c7b-be99-d8d03b0cb119 noauth-user noauth-project - - -] Loaded plugin quota:storage __init__ /code/designate/plugin.py:39
producer_1 | 2016-08-31 08:21:11.636 1 ERROR oslo.messaging._drivers.impl_rabbit File "/usr/local/lib/python2.7/dist-packages/amqp/connection.py", line 186, in Transport
api_1 | 2016-08-31 08:21:25.342 1 DEBUG eventlet.wsgi [-] (1) accepted ('104.239.148.48', 34561) server /usr/local/lib/python2.7/dist-packages/eventlet/wsgi.py:868
central_1 | 2016-08-31 08:21:25.567 1 DEBUG designate.plugin [req-36069d64-c09d-4c7b-be99-d8d03b0cb119 noauth-user noauth-project - - -] Looking for driver sqlalchemy in designate.storage get_driver /code/designate/plugin.py:115
producer_1 | 2016-08-31 08:21:11.636 1 ERROR oslo.messaging._drivers.impl_rabbit return create_transport(host, connect_timeout, ssl)
mdns_1 | 2016-08-31 08:21:09.289 1 DEBUG oslo_service.service [-] backend:agent:gdnsd.confdir_path = /etc/gdnsd log_opt_values /usr/local/lib/python2.7/dist-packages/oslo_config/cfg.py:2626
api_1 | 2016-08-31 08:21:25.346 1 DEBUG designate.central.rpcapi [req-79fac00b-48c6-4a4c-8f30-afbbc242f554 noauth-user noauth-project - - -] Calling designate.central.find_zones() over RPC wrapped /code/designate/loggingutils.py:24
mdns_1 | 2016-08-31 08:21:09.289 1 DEBUG oslo_service.service [-] backend:agent:gdnsd.gdnsd_cmd_name = gdnsd log_opt_values /usr/local/lib/python2.7/dist-packages/oslo_config/cfg.py:2626
central_1 | 2016-08-31 08:21:25.568 1 DEBUG designate.plugin [req-36069d64-c09d-4c7b-be99-d8d03b0cb119 noauth-user noauth-project - - -] Loaded plugin storage:sqlalchemy __init__ /code/designate/plugin.py:39
producer_1 | 2016-08-31 08:21:11.636 1 ERROR oslo.messaging._drivers.impl_rabbit File "/usr/local/lib/python2.7/dist-packages/amqp/transport.py", line 299, in create_transport
api_1 | 2016-08-31 08:21:25.347 1 DEBUG oslo.messaging._drivers.pool [req-79fac00b-48c6-4a4c-8f30-afbbc242f554 noauth-user noauth-project - - -] Pool creating new connection create /usr/local/lib/python2.7/dist-packages/oslo_messaging/_drivers/pool.py:143
mdns_1 | 2016-08-31 08:21:09.290 1 DEBUG oslo_service.service [-] backend:agent:gdnsd.query_destination = 127.0.0.1 log_opt_values /usr/local/lib/python2.7/dist-packages/oslo_config/cfg.py:2626
central_1 | 2016-08-31 08:21:25.576 1 DEBUG designate.scheduler.filters.base [req-36069d64-c09d-4c7b-be99-d8d03b0cb119 noauth-user noauth-project - - -] Loaded default_pool filter in chain __init__ /code/designate/scheduler/filters/base.py:36
producer_1 | 2016-08-31 08:21:11.636 1 ERROR oslo.messaging._drivers.impl_rabbit return TCPTransport(host, connect_timeout)
central_1 | 2016-08-31 08:21:25.577 1 INFO designate.scheduler.base [req-36069d64-c09d-4c7b-be99-d8d03b0cb119 noauth-user noauth-project - - -] Loaded Scheduler Filter: default_pool
mdns_1 | 2016-08-31 08:21:09.290 1 DEBUG oslo_service.service [-] service:zone_manager.enabled_tasks = None log_opt_values /usr/local/lib/python2.7/dist-packages/oslo_config/cfg.py:2626
api_1 | 2016-08-31 08:21:25.349 1 DEBUG oslo.messaging._drivers.impl_rabbit [req-79fac00b-48c6-4a4c-8f30-afbbc242f554 noauth-user noauth-project - - -] [9bc9e5ad-b9b9-4d34-a726-5ba5f9820027] Connecting to AMQP server on rabbit:5672 __init__ /usr/local/lib/python2.7/dist-packages/oslo_messaging/_drivers/impl_rabbit.py:566
producer_1 | 2016-08-31 08:21:11.636 1 ERROR oslo.messaging._drivers.impl_rabbit File "/usr/local/lib/python2.7/dist-packages/amqp/transport.py", line 95, in __init__
central_1 | 2016-08-31 08:21:25.607 1 DEBUG designate.scheduler.base [req-36069d64-c09d-4c7b-be99-d8d03b0cb119 noauth-user noauth-project - - -] Running default_pool filter with 1 pools schedule_zone /code/designate/scheduler/base.py:70
mdns_1 | 2016-08-31 08:21:09.290 1 DEBUG oslo_service.service [-] service:zone_manager.export_synchronous = True log_opt_values /usr/local/lib/python2.7/dist-packages/oslo_config/cfg.py:2626
api_1 | 2016-08-31 08:21:25.369 1 DEBUG oslo.messaging._drivers.impl_rabbit [req-79fac00b-48c6-4a4c-8f30-afbbc242f554 noauth-user noauth-project - - -] [9bc9e5ad-b9b9-4d34-a726-5ba5f9820027] Connected to AMQP server on rabbit:5672 via [amqp] client with port 54924. __init__ /usr/local/lib/python2.7/dist-packages/oslo_messaging/_drivers/impl_rabbit.py:594
producer_1 | 2016-08-31 08:21:11.636 1 ERROR oslo.messaging._drivers.impl_rabbit raise socket.error(last_err)
central_1 | 2016-08-31 08:21:25.608 1 DEBUG designate.scheduler.base [req-36069d64-c09d-4c7b-be99-d8d03b0cb119 noauth-user noauth-project - - -] 1 candidate pools remaining after default_pool filter schedule_zone /code/designate/scheduler/base.py:75
mdns_1 | 2016-08-31 08:21:09.290 1 DEBUG oslo_service.service [-] service:zone_manager.storage_driver = sqlalchemy log_opt_values /usr/local/lib/python2.7/dist-packages/oslo_config/cfg.py:2626
api_1 | 2016-08-31 08:21:25.370 1 DEBUG oslo.messaging._drivers.impl_rabbit [req-79fac00b-48c6-4a4c-8f30-afbbc242f554 noauth-user noauth-project - - -] [9bc9e5ad-b9b9-4d34-a726-5ba5f9820027] Queue.declare: reply_25d9879086d1445cabb51c8ea53bf539 declare /usr/local/lib/python2.7/dist-packages/oslo_messaging/_drivers/impl_rabbit.py:299
central_1 | 2016-08-31 08:21:25.658 1 DEBUG designate.storage.impl_sqlalchemy [req-36069d64-c09d-4c7b-be99-d8d03b0cb119 noauth-user noauth-project - - -] Fetched zone _find_zones /code/designate/storage/impl_sqlalchemy/__init__.py:261
producer_1 | 2016-08-31 08:21:11.636 1 ERROR oslo.messaging._drivers.impl_rabbit error: [Errno 111] ECONNREFUSED
mdns_1 | 2016-08-31 08:21:09.292 1 DEBUG oslo_service.service [-] service:zone_manager.threads = 1000 log_opt_values /usr/local/lib/python2.7/dist-packages/oslo_config/cfg.py:2626
api_1 | 2016-08-31 08:21:25.402 1 INFO designate.api.v2.controllers.zones [req-79fac00b-48c6-4a4c-8f30-afbbc242f554 noauth-user noauth-project - - -] Retrieved
central_1 | 2016-08-31 08:21:25.699 1 DEBUG designate.central.service [req-36069d64-c09d-4c7b-be99-d8d03b0cb119 noauth-user noauth-project - - -] Checking if pooey-FkLKUVvX.com. belongs in any of pooey-FkLKUVvX.com. subzones _is_valid_recordset_placement_subzone /code/designate/central/service.py:355
producer_1 | 2016-08-31 08:21:11.636 1 ERROR oslo.messaging._drivers.impl_rabbit
mdns_1 | 2016-08-31 08:21:09.292 1 DEBUG oslo_service.service [-] service:zone_manager.workers = None log_opt_values /usr/local/lib/python2.7/dist-packages/oslo_config/cfg.py:2626
central_1 | 2016-08-31 08:21:25.704 1 DEBUG designate.storage.impl_sqlalchemy [req-36069d64-c09d-4c7b-be99-d8d03b0cb119 noauth-user noauth-project - - -] Fetched zone _find_zones /code/designate/storage/impl_sqlalchemy/__init__.py:261
producer_1 | 2016-08-31 08:21:11.637 1 ERROR oslo.messaging._drivers.impl_rabbit [-] [84c86116-b1f0-40d6-ad98-df2527288c03] AMQP server on rabbit:5672 is unreachable: [Errno 111] ECONNREFUSED. Trying again in 4 seconds. Client port: None
api_1 | 2016-08-31 08:21:25.404 1 INFO eventlet.wsgi [req-79fac00b-48c6-4a4c-8f30-afbbc242f554 noauth-user noauth-project - - -] 104.239.148.48 - - [31/Aug/2016 08:21:25] "GET /v2/zones HTTP/1.1" 200 316 0.061006
mdns_1 | 2016-08-31 08:21:09.292 1 DEBUG oslo_service.service [-] producer_task:periodic_exists.interval = 3600 log_opt_values /usr/local/lib/python2.7/dist-packages/oslo_config/cfg.py:2626
producer_1 | 2016-08-31 08:21:15.651 1 DEBUG oslo.messaging._drivers.impl_rabbit [-] [84c86116-b1f0-40d6-ad98-df2527288c03] Failed to get socket attribute: 'NoneType' object has no attribute 'connection' set_transport_socket_timeout /usr/local/lib/python2.7/dist-packages/oslo_messaging/_drivers/impl_rabbit.py:908
central_1 | 2016-08-31 08:21:25.711 1 DEBUG designate.storage.impl_sqlalchemy [req-36069d64-c09d-4c7b-be99-d8d03b0cb119 noauth-user noauth-project - - -] Fetched zone _find_zones /code/designate/storage/impl_sqlalchemy/__init__.py:261
mdns_1 | 2016-08-31 08:21:09.293 1 DEBUG oslo_service.service [-] producer_task:periodic_exists.per_page = 100 log_opt_values /usr/local/lib/python2.7/dist-packages/oslo_config/cfg.py:2626
api_1 | 2016-08-31 08:21:25.552 1 DEBUG eventlet.wsgi [-] (1) accepted ('104.239.148.48', 34562) server /usr/local/lib/python2.7/dist-packages/eventlet/wsgi.py:868
central_1 | 2016-08-31 08:21:25.724 1 DEBUG designate.central.service [req-36069d64-c09d-4c7b-be99-d8d03b0cb119 noauth-user noauth-project - - -] Checking if pooey-FkLKUVvX.com. belongs in any of pooey-FkLKUVvX.com. subzones _is_valid_recordset_placement_subzone /code/designate/central/service.py:355
producer_1 | 2016-08-31 08:21:15.652 1 INFO oslo.messaging._drivers.impl_rabbit [-] [84c86116-b1f0-40d6-ad98-df2527288c03] Reconnected to AMQP server on rabbit:5672 via [amqp] clientwith port 53462.
mdns_1 | 2016-08-31 08:21:09.293 1 DEBUG oslo_service.service [-] oslo_messaging_notifications.driver = ['messaging'] log_opt_values /usr/local/lib/python2.7/dist-packages/oslo_config/cfg.py:2626
producer_1 | 2016-08-31 08:21:15.652 1 DEBUG oslo.messaging._drivers.impl_rabbit [-] [84c86116-b1f0-40d6-ad98-df2527288c03] Connected to AMQP server on rabbit:5672 via [amqp] client with port 53462. __init__ /usr/local/lib/python2.7/dist-packages/oslo_messaging/_drivers/impl_rabbit.py:594
api_1 | 2016-08-31 08:21:25.555 1 DEBUG designate.objects.adapters.base [req-36069d64-c09d-4c7b-be99-d8d03b0cb119 noauth-user noauth-project - - -] Creating Zone object with values {'type': 'PRIMARY', u'name': u'pooey-FkLKUVvX.com.', u'email': u'joe@poo.com'} parse /code/designate/objects/adapters/base.py:163
central_1 | 2016-08-31 08:21:25.729 1 DEBUG designate.storage.impl_sqlalchemy [req-36069d64-c09d-4c7b-be99-d8d03b0cb119 noauth-user noauth-project - - -] Fetched zone _find_zones /code/designate/storage/impl_sqlalchemy/__init__.py:261
mdns_1 | 2016-08-31 08:21:09.293 1 DEBUG oslo_service.service [-] oslo_messaging_notifications.topics = ['notifications'] log_opt_values /usr/local/lib/python2.7/dist-packages/oslo_config/cfg.py:2626
api_1 | 2016-08-31 08:21:25.556 1 DEBUG designate.objects.base [req-36069d64-c09d-4c7b-be99-d8d03b0cb119 noauth-user noauth-project - - -] Validating 'Zone' object with values: {'type': 'PRIMARY', 'name': u'pooey-FkLKUVvX.com.', 'email': u'joe@poo.com'} validate /code/designate/objects/base.py:336
central_1 | 2016-08-31 08:21:25.736 1 DEBUG designate.storage.impl_sqlalchemy [req-36069d64-c09d-4c7b-be99-d8d03b0cb119 noauth-user noauth-project - - -] Fetched zone _find_zones /code/designate/storage/impl_sqlalchemy/__init__.py:261
producer_1 | 2016-08-31 08:21:15.653 1 DEBUG oslo.messaging._drivers.impl_rabbit [-] [84c86116-b1f0-40d6-ad98-df2527288c03] Queue.declare: producer declare /usr/local/lib/python2.7/dist-packages/oslo_messaging/_drivers/impl_rabbit.py:299
mdns_1 | 2016-08-31 08:21:09.294 1 DEBUG oslo_service.service [-] oslo_messaging_notifications.transport_url = **** log_opt_values /usr/local/lib/python2.7/dist-packages/oslo_config/cfg.py:2626
api_1 | 2016-08-31 08:21:25.557 1 DEBUG designate.central.rpcapi [req-36069d64-c09d-4c7b-be99-d8d03b0cb119 noauth-user noauth-project - - -] Calling designate.central.create_zone() over RPC wrapped /code/designate/loggingutils.py:24
producer_1 | 2016-08-31 08:21:15.657 1 DEBUG oslo.messaging._drivers.impl_rabbit [-] [84c86116-b1f0-40d6-ad98-df2527288c03] Queue.declare: producer.fcafc8a304d6 declare /usr/local/lib/python2.7/dist-packages/oslo_messaging/_drivers/impl_rabbit.py:299
central_1 | 2016-08-31 08:21:25.742 1 DEBUG designate.worker.rpcapi [req-36069d64-c09d-4c7b-be99-d8d03b0cb119 noauth-user noauth-project - - -] Calling designate.worker.create_zone() over RPC wrapped /code/designate/loggingutils.py:24
mdns_1 | 2016-08-31 08:21:09.294 1 DEBUG oslo_service.service [-] backend:agent:knot2.knotc_cmd_name = knotc log_opt_values /usr/local/lib/python2.7/dist-packages/oslo_config/cfg.py:2626
api_1 | 2016-08-31 08:21:25.770 1 INFO designate.api.v2.controllers.zones [req-36069d64-c09d-4c7b-be99-d8d03b0cb119 noauth-user noauth-project - - -] Created
producer_1 | 2016-08-31 08:21:15.660 1 DEBUG oslo.messaging._drivers.impl_rabbit [-] [84c86116-b1f0-40d6-ad98-df2527288c03] Queue.declare: producer_fanout_27d776678e304d87b493657537651c78 declare /usr/local/lib/python2.7/dist-packages/oslo_messaging/_drivers/impl_rabbit.py:299
central_1 | 2016-08-31 08:21:25.745 1 DEBUG oslo_concurrency.lockutils [req-36069d64-c09d-4c7b-be99-d8d03b0cb119 noauth-user noauth-project - - -] Releasing semaphore "zone-None" lock /usr/local/lib/python2.7/dist-packages/oslo_concurrency/lockutils.py:225
mdns_1 | 2016-08-31 08:21:09.294 1 DEBUG oslo_service.service [-] backend:agent:knot2.query_destination = 127.0.0.1 log_opt_values /usr/local/lib/python2.7/dist-packages/oslo_config/cfg.py:2626
central_1 | 2016-08-31 08:21:25.745 1 DEBUG designate.central.service [req-36069d64-c09d-4c7b-be99-d8d03b0cb119 noauth-user noauth-project - - -] Queueing notification for dns.zone.create notification_wrapper /code/designate/central/service.py:162
central_1 | 2016-08-31 08:21:25.746 1 DEBUG designate.central.service [req-36069d64-c09d-4c7b-be99-d8d03b0cb119 noauth-user noauth-project - - -] Queueing notification for dns.domain.create notification_wrapper /code/designate/central/service.py:162
mdns_1 | 2016-08-31 08:21:09.294 1 DEBUG oslo_service.service [-] backend:agent:denominator.config_file = /etc/denominator.conf log_opt_values /usr/local/lib/python2.7/dist-packages/oslo_config/cfg.py:2626
mdns_1 | 2016-08-31 08:21:09.295 1 DEBUG oslo_service.service [-] backend:agent:denominator.name = fake log_opt_values /usr/local/lib/python2.7/dist-packages/oslo_config/cfg.py:2626
api_1 | 2016-08-31 08:21:25.771 1 INFO eventlet.wsgi [req-36069d64-c09d-4c7b-be99-d8d03b0cb119 noauth-user noauth-project - - -] 104.239.148.48 - - [31/Aug/2016 08:21:25] "POST /v2/zones HTTP/1.1" 202 832 0.218178
producer_1 | 2016-08-31 08:21:15.664 1 DEBUG designate.coordination [-] Starting partitioner start /code/designate/coordination.py:198
mdns_1 | 2016-08-31 08:21:09.295 1 DEBUG oslo_service.service [-] oslo_concurrency.disable_process_locking = False log_opt_values /usr/local/lib/python2.7/dist-packages/oslo_config/cfg.py:2626
producer_1 | 2016-08-31 08:21:15.664 1 DEBUG designate.coordination [-] Watching for change producer watch_partition_change /code/designate/coordination.py:216
central_1 | 2016-08-31 08:21:25.746 1 DEBUG designate.central.service [req-36069d64-c09d-4c7b-be99-d8d03b0cb119 noauth-user noauth-project - - -] Emitting 2 notifications notification_wrapper /code/designate/central/service.py:173
central_1 | 2016-08-31 08:21:25.746 1 DEBUG designate.central.service [req-36069d64-c09d-4c7b-be99-d8d03b0cb119 noauth-user noauth-project - - -] Emitting dns.domain.create notification notification_wrapper /code/designate/central/service.py:177
mdns_1 | 2016-08-31 08:21:09.295 1 DEBUG oslo_service.service [-] oslo_concurrency.lock_path = /opt/designate log_opt_values /usr/local/lib/python2.7/dist-packages/oslo_config/cfg.py:2626
api_1 | 2016-08-31 08:21:25.842 1 DEBUG eventlet.wsgi [-] (1) accepted ('104.239.148.48', 34563) server /usr/local/lib/python2.7/dist-packages/eventlet/wsgi.py:868
producer_1 | 2016-08-31 08:21:15.664 1 WARNING designate.coordination [-] No coordination backend configured, assuming we are the only worker. Please configure a coordination backend
central_1 | 2016-08-31 08:21:25.762 1 DEBUG designate.central.service [req-36069d64-c09d-4c7b-be99-d8d03b0cb119 noauth-user noauth-project - - -] Emitting dns.zone.create notification notification_wrapper /code/designate/central/service.py:177
mdns_1 | 2016-08-31 08:21:09.296 1 DEBUG oslo_service.service [-] oslo_policy.policy_default_rule = default log_opt_values /usr/local/lib/python2.7/dist-packages/oslo_config/cfg.py:2626
central_1 | 2016-08-31 08:21:25.853 1 DEBUG oslo_concurrency.lockutils [req-af7d5d25-7d88-4bdc-9a56-7e2de2ed4c5c noauth-user noauth-project - - -] Acquired semaphore "zone-None" lock /usr/local/lib/python2.7/dist-packages/oslo_concurrency/lockutils.py:212
producer_1 | 2016-08-31 08:21:15.664 1 INFO designate.producer.service [-] Received rebalance event None
mdns_1 | 2016-08-31 08:21:09.296 1 DEBUG oslo_service.service [-] oslo_policy.policy_dirs = ['policy.d'] log_opt_values /usr/local/lib/python2.7/dist-packages/oslo_config/cfg.py:2626
central_1 | 2016-08-31 08:21:25.889 1 DEBUG designate.scheduler.base [req-af7d5d25-7d88-4bdc-9a56-7e2de2ed4c5c noauth-user noauth-project - - -] Running default_pool filter with 1 pools schedule_zone /code/designate/scheduler/base.py:70
api_1 | 2016-08-31 08:21:25.846 1 DEBUG designate.objects.adapters.base [req-af7d5d25-7d88-4bdc-9a56-7e2de2ed4c5c noauth-user noauth-project - - -] Creating Zone object with values {'type': 'PRIMARY', u'name': u'pooey-NOcDOpdj.com.', u'email': u'joe@poo.com'} parse /code/designate/objects/adapters/base.py:163
producer_1 | 2016-08-31 08:21:15.665 1 DEBUG designate.plugin [-] Looking for extensions in designate.producer_tasks get_extensions /code/designate/plugin.py:134
mdns_1 | 2016-08-31 08:21:09.296 1 DEBUG oslo_service.service [-] oslo_policy.policy_file = policy.json log_opt_values /usr/local/lib/python2.7/dist-packages/oslo_config/cfg.py:2626
central_1 | 2016-08-31 08:21:25.890 1 DEBUG designate.scheduler.base [req-af7d5d25-7d88-4bdc-9a56-7e2de2ed4c5c noauth-user noauth-project - - -] 1 candidate pools remaining after default_pool filter schedule_zone /code/designate/scheduler/base.py:75
api_1 | 2016-08-31 08:21:25.847 1 DEBUG designate.objects.base [req-af7d5d25-7d88-4bdc-9a56-7e2de2ed4c5c noauth-user noauth-project - - -] Validating 'Zone' object with values: {'type': 'PRIMARY', 'name': u'pooey-NOcDOpdj.com.', 'email': u'joe@poo.com'} validate /code/designate/objects/base.py:336
producer_1 | 2016-08-31 08:21:15.665 1 DEBUG designate.producer.service [-] Registering task start /code/designate/producer/service.py:84
mdns_1 | 2016-08-31 08:21:09.296 1 DEBUG oslo_service.service [-] hyperv.force_volumeutils_v1 = False log_opt_values /usr/local/lib/python2.7/dist-packages/oslo_config/cfg.py:2626
central_1 | 2016-08-31 08:21:25.946 1 DEBUG designate.storage.impl_sqlalchemy [req-af7d5d25-7d88-4bdc-9a56-7e2de2ed4c5c noauth-user noauth-project - - -] Fetched zone _find_zones /code/designate/storage/impl_sqlalchemy/__init__.py:261
api_1 | 2016-08-31 08:21:25.848 1 DEBUG designate.central.rpcapi [req-af7d5d25-7d88-4bdc-9a56-7e2de2ed4c5c noauth-user noauth-project - - -] Calling designate.central.create_zone() over RPC wrapped /code/designate/loggingutils.py:24
mdns_1 | 2016-08-31 08:21:09.298 1 DEBUG oslo_service.service [-] backend:agent:bind9.query_destination = 127.0.0.1 log_opt_values /usr/local/lib/python2.7/dist-packages/oslo_config/cfg.py:2626
central_1 | 2016-08-31 08:21:25.988 1 DEBUG designate.central.service [req-af7d5d25-7d88-4bdc-9a56-7e2de2ed4c5c noauth-user noauth-project - - -] Checking if pooey-NOcDOpdj.com. belongs in any of pooey-NOcDOpdj.com. subzones _is_valid_recordset_placement_subzone /code/designate/central/service.py:355
producer_1 | 2016-08-31 08:21:15.665 1 DEBUG designate.coordination [-] Watching for change producer watch_partition_change /code/designate/coordination.py:216
api_1 | 2016-08-31 08:21:26.048 1 INFO designate.api.v2.controllers.zones [req-af7d5d25-7d88-4bdc-9a56-7e2de2ed4c5c noauth-user noauth-project - - -] Created
mdns_1 | 2016-08-31 08:21:09.298 1 DEBUG oslo_service.service [-] backend:agent:bind9.rndc_config_file = None log_opt_values /usr/local/lib/python2.7/dist-packages/oslo_config/cfg.py:2626
central_1 | 2016-08-31 08:21:25.993 1 DEBUG designate.storage.impl_sqlalchemy [req-af7d5d25-7d88-4bdc-9a56-7e2de2ed4c5c noauth-user noauth-project - - -] Fetched zone _find_zones /code/designate/storage/impl_sqlalchemy/__init__.py:261
producer_1 | 2016-08-31 08:21:15.665 1 WARNING designate.coordination [-] No coordination backend configured, assuming we are the only worker. Please configure a coordination backend
api_1 | 2016-08-31 08:21:26.050 1 INFO eventlet.wsgi [req-af7d5d25-7d88-4bdc-9a56-7e2de2ed4c5c noauth-user noauth-project - - -] 104.239.148.48 - - [31/Aug/2016 08:21:26] "POST /v2/zones HTTP/1.1" 202 832 0.206775
central_1 | 2016-08-31 08:21:26.000 1 DEBUG designate.storage.impl_sqlalchemy [req-af7d5d25-7d88-4bdc-9a56-7e2de2ed4c5c noauth-user noauth-project - - -] Fetched zone _find_zones /code/designate/storage/impl_sqlalchemy/__init__.py:261
mdns_1 | 2016-08-31 08:21:09.298 1 DEBUG oslo_service.service [-] backend:agent:bind9.rndc_host = 127.0.0.1 log_opt_values /usr/local/lib/python2.7/dist-packages/oslo_config/cfg.py:2626
producer_1 | 2016-08-31 08:21:15.666 1 DEBUG designate.producer.service [-] Registering task start /code/designate/producer/service.py:84
api_1 | 2016-08-31 08:21:26.122 1 DEBUG eventlet.wsgi [-] (1) accepted ('104.239.148.48', 34564) server /usr/local/lib/python2.7/dist-packages/eventlet/wsgi.py:868
central_1 | 2016-08-31 08:21:26.013 1 DEBUG designate.central.service [req-af7d5d25-7d88-4bdc-9a56-7e2de2ed4c5c noauth-user noauth-project - - -] Checking if pooey-NOcDOpdj.com. belongs in any of pooey-NOcDOpdj.com. subzones _is_valid_recordset_placement_subzone /code/designate/central/service.py:355
mdns_1 | 2016-08-31 08:21:09.299 1 DEBUG oslo_service.service [-] backend:agent:bind9.rndc_key_file = None log_opt_values /usr/local/lib/python2.7/dist-packages/oslo_config/cfg.py:2626
producer_1 | 2016-08-31 08:21:15.666 1 DEBUG designate.coordination [-] Watching for change producer watch_partition_change /code/designate/coordination.py:216
central_1 | 2016-08-31 08:21:26.018 1 DEBUG designate.storage.impl_sqlalchemy [req-af7d5d25-7d88-4bdc-9a56-7e2de2ed4c5c noauth-user noauth-project - - -] Fetched zone _find_zones /code/designate/storage/impl_sqlalchemy/__init__.py:261
api_1 | 2016-08-31 08:21:26.125 1 DEBUG designate.objects.adapters.base [req-39974d6e-ac9d-4e1e-b1f2-efb2451803d1 noauth-user noauth-project - - -] Creating Zone object with values {'type': 'PRIMARY', u'name': u'pooey-nqcROZqE.com.', u'email': u'joe@poo.com'} parse /code/designate/objects/adapters/base.py:163
mdns_1 | 2016-08-31 08:21:09.299 1 DEBUG oslo_service.service [-] backend:agent:bind9.rndc_port = 953 log_opt_values /usr/local/lib/python2.7/dist-packages/oslo_config/cfg.py:2626
producer_1 | 2016-08-31 08:21:15.666 1 WARNING designate.coordination [-] No coordination backend configured, assuming we are the only worker. Please configure a coordination backend
api_1 | 2016-08-31 08:21:26.126 1 DEBUG designate.objects.base [req-39974d6e-ac9d-4e1e-b1f2-efb2451803d1 noauth-user noauth-project - - -] Validating 'Zone' object with values: {'type': 'PRIMARY', 'name': u'pooey-nqcROZqE.com.', 'email': u'joe@poo.com'} validate /code/designate/objects/base.py:336
mdns_1 | 2016-08-31 08:21:09.300 1 DEBUG oslo_service.service [-] backend:agent:bind9.zone_file_path = /opt/designate/zones log_opt_values /usr/local/lib/python2.7/dist-packages/oslo_config/cfg.py:2626
central_1 | 2016-08-31 08:21:26.026 1 DEBUG designate.storage.impl_sqlalchemy [req-af7d5d25-7d88-4bdc-9a56-7e2de2ed4c5c noauth-user noauth-project - - -] Fetched zone _find_zones /code/designate/storage/impl_sqlalchemy/__init__.py:261
central_1 | 2016-08-31 08:21:26.032 1 DEBUG designate.worker.rpcapi [req-af7d5d25-7d88-4bdc-9a56-7e2de2ed4c5c noauth-user noauth-project - - -] Calling designate.worker.create_zone() over RPC wrapped /code/designate/loggingutils.py:24
mdns_1 | 2016-08-31 08:21:09.300 1 DEBUG oslo_service.service [-] backend:dynect.job_timeout = 30 log_opt_values /usr/local/lib/python2.7/dist-packages/oslo_config/cfg.py:2626
api_1 | 2016-08-31 08:21:26.126 1 DEBUG designate.central.rpcapi [req-39974d6e-ac9d-4e1e-b1f2-efb2451803d1 noauth-user noauth-project - - -] Calling designate.central.create_zone() over RPC wrapped /code/designate/loggingutils.py:24
central_1 | 2016-08-31 08:21:26.035 1 DEBUG oslo_concurrency.lockutils [req-af7d5d25-7d88-4bdc-9a56-7e2de2ed4c5c noauth-user noauth-project - - -] Releasing semaphore "zone-None" lock /usr/local/lib/python2.7/dist-packages/oslo_concurrency/lockutils.py:225
producer_1 | 2016-08-31 08:21:15.666 1 DEBUG designate.producer.service [-] Registering task start /code/designate/producer/service.py:84
mdns_1 | 2016-08-31 08:21:09.301 1 DEBUG oslo_service.service [-] backend:dynect.timeout = 10 log_opt_values /usr/local/lib/python2.7/dist-packages/oslo_config/cfg.py:2626
api_1 | 2016-08-31 08:21:26.315 1 INFO designate.api.v2.controllers.zones [req-39974d6e-ac9d-4e1e-b1f2-efb2451803d1 noauth-user noauth-project - - -] Created
mdns_1 | 2016-08-31 08:21:09.301 1 DEBUG oslo_service.service [-] backend:dynect.timings = False log_opt_values /usr/local/lib/python2.7/dist-packages/oslo_config/cfg.py:2626
central_1 | 2016-08-31 08:21:26.036 1 DEBUG designate.central.service [req-af7d5d25-7d88-4bdc-9a56-7e2de2ed4c5c noauth-user noauth-project - - -] Queueing notification for dns.zone.create notification_wrapper /code/designate/central/service.py:162
producer_1 | 2016-08-31 08:21:15.666 1 DEBUG designate.coordination [-] Watching for change producer watch_partition_change /code/designate/coordination.py:216
mdns_1 | 2016-08-31 08:21:09.301 1 DEBUG oslo_service.service [-] producer_task:worker_periodic_recovery.interval = 30 log_opt_values /usr/local/lib/python2.7/dist-packages/oslo_config/cfg.py:2626
api_1 | 2016-08-31 08:21:26.318 1 INFO eventlet.wsgi [req-39974d6e-ac9d-4e1e-b1f2-efb2451803d1 noauth-user noauth-project - - -] 104.239.148.48 - - [31/Aug/2016 08:21:26] "POST /v2/zones HTTP/1.1" 202 832 0.194278
central_1 | 2016-08-31 08:21:26.036 1 DEBUG designate.central.service [req-af7d5d25-7d88-4bdc-9a56-7e2de2ed4c5c noauth-user noauth-project - - -] Queueing notification for dns.domain.create notification_wrapper /code/designate/central/service.py:162
mdns_1 | 2016-08-31 08:21:09.301 1 DEBUG oslo_service.service [-] producer_task:worker_periodic_recovery.per_page = 100 log_opt_values /usr/local/lib/python2.7/dist-packages/oslo_config/cfg.py:2626
producer_1 | 2016-08-31 08:21:15.667 1 WARNING designate.coordination [-] No coordination backend configured, assuming we are the only worker. Please configure a coordination backend
central_1 | 2016-08-31 08:21:26.036 1 DEBUG designate.central.service [req-af7d5d25-7d88-4bdc-9a56-7e2de2ed4c5c noauth-user noauth-project - - -] Emitting 2 notifications notification_wrapper /code/designate/central/service.py:173
api_1 | 2016-08-31 08:21:26.388 1 DEBUG eventlet.wsgi [-] (1) accepted ('104.239.148.48', 34565) server /usr/local/lib/python2.7/dist-packages/eventlet/wsgi.py:868
producer_1 | 2016-08-31 08:21:15.667 1 DEBUG designate.producer.service [-] Registering task start /code/designate/producer/service.py:84
mdns_1 | 2016-08-31 08:21:09.302 1 DEBUG oslo_service.service [-] heartbeat_emitter.emitter_type = rpc log_opt_values /usr/local/lib/python2.7/dist-packages/oslo_config/cfg.py:2626
producer_1 | 2016-08-31 08:21:15.667 1 DEBUG designate.coordination [-] Watching for change producer watch_partition_change /code/designate/coordination.py:216
central_1 | 2016-08-31 08:21:26.038 1 DEBUG designate.central.service [req-af7d5d25-7d88-4bdc-9a56-7e2de2ed4c5c noauth-user noauth-project - - -] Emitting dns.domain.create notification notification_wrapper /code/designate/central/service.py:177
api_1 | 2016-08-31 08:21:26.390 1 DEBUG designate.central.rpcapi [req-5d8a4253-e743-46a8-b054-fdffeee42024 noauth-user noauth-project - - -] Calling designate.central.get_zone() over RPC wrapped /code/designate/loggingutils.py:24
producer_1 | 2016-08-31 08:21:15.667 1 WARNING designate.coordination [-] No coordination backend configured, assuming we are the only worker. Please configure a coordination backend
api_1 | 2016-08-31 08:21:26.405 1 INFO designate.api.v2.controllers.zones [req-5d8a4253-e743-46a8-b054-fdffeee42024 noauth-user noauth-project - - -] Retrieved
mdns_1 | 2016-08-31 08:21:09.302 1 DEBUG oslo_service.service [-] heartbeat_emitter.heartbeat_interval = 5.0 log_opt_values /usr/local/lib/python2.7/dist-packages/oslo_config/cfg.py:2626
