worker_1 | 2016-08-31 08:21:09.683 1 ERROR oslo.messaging._drivers.impl_rabbit self.revive(create_channel())
worker_1 | 2016-08-31 08:21:09.683 1 ERROR oslo.messaging._drivers.impl_rabbit File "/usr/local/lib/python2.7/dist-packages/kombu/connection.py", line 242, in channel
worker_1 | 2016-08-31 08:21:09.683 1 ERROR oslo.messaging._drivers.impl_rabbit chan = self.transport.create_channel(self.connection)
worker_1 | 2016-08-31 08:21:09.683 1 ERROR oslo.messaging._drivers.impl_rabbit File "/usr/local/lib/python2.7/dist-packages/kombu/connection.py", line 742, in connection
worker_1 | 2016-08-31 08:21:09.683 1 ERROR oslo.messaging._drivers.impl_rabbit self._connection = self._establish_connection()
worker_1 | 2016-08-31 08:21:09.683 1 ERROR oslo.messaging._drivers.impl_rabbit File "/usr/local/lib/python2.7/dist-packages/kombu/connection.py", line 697, in _establish_connection
worker_1 | 2016-08-31 08:21:09.683 1 ERROR oslo.messaging._drivers.impl_rabbit conn = self.transport.establish_connection()
worker_1 | 2016-08-31 08:21:09.683 1 ERROR oslo.messaging._drivers.impl_rabbit File "/usr/local/lib/python2.7/dist-packages/kombu/transport/pyamqp.py", line 116, in establish_connection
worker_1 | 2016-08-31 08:21:09.683 1 ERROR oslo.messaging._drivers.impl_rabbit conn = self.Connection(**opts)
worker_1 | 2016-08-31 08:21:09.683 1 ERROR oslo.messaging._drivers.impl_rabbit File "/usr/local/lib/python2.7/dist-packages/amqp/connection.py", line 165, in __init__
worker_1 | 2016-08-31 08:21:09.683 1 ERROR oslo.messaging._drivers.impl_rabbit self.transport = self.Transport(host, connect_timeout, ssl)
worker_1 | 2016-08-31 08:21:09.683 1 ERROR oslo.messaging._drivers.impl_rabbit File "/usr/local/lib/python2.7/dist-packages/amqp/connection.py", line 186, in Transport
worker_1 | 2016-08-31 08:21:09.683 1 ERROR oslo.messaging._drivers.impl_rabbit return create_transport(host, connect_timeout, ssl)
worker_1 | 2016-08-31 08:21:09.683 1 ERROR oslo.messaging._drivers.impl_rabbit File "/usr/local/lib/python2.7/dist-packages/amqp/transport.py", line 299, in create_transport
worker_1 | 2016-08-31 08:21:09.683 1 ERROR oslo.messaging._drivers.impl_rabbit return TCPTransport(host, connect_timeout)
worker_1 | 2016-08-31 08:21:09.683 1 ERROR oslo.messaging._drivers.impl_rabbit File "/usr/local/lib/python2.7/dist-packages/amqp/transport.py", line 95, in __init__
worker_1 | 2016-08-31 08:21:09.683 1 ERROR oslo.messaging._drivers.impl_rabbit raise socket.error(last_err)
worker_1 | 2016-08-31 08:21:09.683 1 ERROR oslo.messaging._drivers.impl_rabbit error: [Errno 111] ECONNREFUSED
worker_1 | 2016-08-31 08:21:09.683 1 ERROR oslo.messaging._drivers.impl_rabbit
worker_1 | 2016-08-31 08:21:09.685 1 ERROR oslo.messaging._drivers.impl_rabbit [-] [8a99e3ae-4b21-4689-9a23-3b94513a8285] AMQP server on rabbit:5672 is unreachable: [Errno 111] ECONNREFUSED. Trying again in 1 seconds. Client port: None
worker_1 | 2016-08-31 08:21:10.693 1 DEBUG oslo.messaging._drivers.impl_rabbit [-] [8a99e3ae-4b21-4689-9a23-3b94513a8285] Received recoverable error from kombu: on_error /usr/local/lib/python2.7/dist-packages/oslo_messaging/_drivers/impl_rabbit.py:712
worker_1 | 2016-08-31 08:21:10.693 1 ERROR oslo.messaging._drivers.impl_rabbit Traceback (most recent call last):
worker_1 | 2016-08-31 08:21:10.693 1 ERROR oslo.messaging._drivers.impl_rabbit File "/usr/local/lib/python2.7/dist-packages/kombu/utils/__init__.py", line 246, in retry_over_time
worker_1 | 2016-08-31 08:21:10.693 1 ERROR oslo.messaging._drivers.impl_rabbit return fun(*args, **kwargs)
worker_1 | 2016-08-31 08:21:10.693 1 ERROR oslo.messaging._drivers.impl_rabbit File "/usr/local/lib/python2.7/dist-packages/kombu/connection.py", line 237, in connect
worker_1 | 2016-08-31 08:21:10.693 1 ERROR oslo.messaging._drivers.impl_rabbit return self.connection
worker_1 | 2016-08-31 08:21:10.693 1 ERROR oslo.messaging._drivers.impl_rabbit File "/usr/local/lib/python2.7/dist-packages/kombu/connection.py", line 742, in connection
worker_1 | 2016-08-31 08:21:10.693 1 ERROR oslo.messaging._drivers.impl_rabbit self._connection = self._establish_connection()
worker_1 | 2016-08-31 08:21:10.693 1 ERROR oslo.messaging._drivers.impl_rabbit File "/usr/local/lib/python2.7/dist-packages/kombu/connection.py", line 697, in _establish_connection
worker_1 | 2016-08-31 08:21:10.693 1 ERROR oslo.messaging._drivers.impl_rabbit conn = self.transport.establish_connection()
worker_1 | 2016-08-31 08:21:10.693 1 ERROR oslo.messaging._drivers.impl_rabbit File "/usr/local/lib/python2.7/dist-packages/kombu/transport/pyamqp.py", line 116, in establish_connection
worker_1 | 2016-08-31 08:21:10.693 1 ERROR oslo.messaging._drivers.impl_rabbit conn = self.Connection(**opts)
worker_1 | 2016-08-31 08:21:10.693 1 ERROR oslo.messaging._drivers.impl_rabbit File "/usr/local/lib/python2.7/dist-packages/amqp/connection.py", line 165, in __init__
worker_1 | 2016-08-31 08:21:10.693 1 ERROR oslo.messaging._drivers.impl_rabbit self.transport = self.Transport(host, connect_timeout, ssl)
worker_1 | 2016-08-31 08:21:10.693 1 ERROR oslo.messaging._drivers.impl_rabbit File "/usr/local/lib/python2.7/dist-packages/amqp/connection.py", line 186, in Transport
worker_1 | 2016-08-31 08:21:10.693 1 ERROR oslo.messaging._drivers.impl_rabbit return create_transport(host, connect_timeout, ssl)
worker_1 | 2016-08-31 08:21:10.693 1 ERROR oslo.messaging._drivers.impl_rabbit File "/usr/local/lib/python2.7/dist-packages/amqp/transport.py", line 299, in create_transport
worker_1 | 2016-08-31 08:21:10.693 1 ERROR oslo.messaging._drivers.impl_rabbit return TCPTransport(host, connect_timeout)
worker_1 | 2016-08-31 08:21:10.693 1 ERROR oslo.messaging._drivers.impl_rabbit File "/usr/local/lib/python2.7/dist-packages/amqp/transport.py", line 95, in __init__
worker_1 | 2016-08-31 08:21:10.693 1 ERROR oslo.messaging._drivers.impl_rabbit raise socket.error(last_err)
worker_1 | 2016-08-31 08:21:10.693 1 ERROR oslo.messaging._drivers.impl_rabbit error: [Errno 111] ECONNREFUSED
worker_1 | 2016-08-31 08:21:10.693 1 ERROR oslo.messaging._drivers.impl_rabbit
worker_1 | 2016-08-31 08:21:10.694 1 ERROR oslo.messaging._drivers.impl_rabbit [-] [8a99e3ae-4b21-4689-9a23-3b94513a8285] AMQP server on rabbit:5672 is unreachable: [Errno 111] ECONNREFUSED. Trying again in 2 seconds. Client port: None
worker_1 | 2016-08-31 08:21:12.709 1 DEBUG oslo.messaging._drivers.impl_rabbit [-] [8a99e3ae-4b21-4689-9a23-3b94513a8285] Failed to get socket attribute: 'NoneType' object has no attribute 'connection' set_transport_socket_timeout /usr/local/lib/python2.7/dist-packages/oslo_messaging/_drivers/impl_rabbit.py:908
worker_1 | 2016-08-31 08:21:12.710 1 INFO oslo.messaging._drivers.impl_rabbit [-] [8a99e3ae-4b21-4689-9a23-3b94513a8285] Reconnected to AMQP server on rabbit:5672 via [amqp] clientwith port 48542.
worker_1 | 2016-08-31 08:21:12.711 1 DEBUG oslo.messaging._drivers.impl_rabbit [-] [8a99e3ae-4b21-4689-9a23-3b94513a8285] Connected to AMQP server on rabbit:5672 via [amqp] client with port 48542. __init__ /usr/local/lib/python2.7/dist-packages/oslo_messaging/_drivers/impl_rabbit.py:594
worker_1 | 2016-08-31 08:21:12.711 1 DEBUG oslo.messaging._drivers.impl_rabbit [-] [8a99e3ae-4b21-4689-9a23-3b94513a8285] Queue.declare: worker declare /usr/local/lib/python2.7/dist-packages/oslo_messaging/_drivers/impl_rabbit.py:299
worker_1 | 2016-08-31 08:21:12.715 1 DEBUG oslo.messaging._drivers.impl_rabbit [-] [8a99e3ae-4b21-4689-9a23-3b94513a8285] Queue.declare: worker.ee71abb668f1 declare /usr/local/lib/python2.7/dist-packages/oslo_messaging/_drivers/impl_rabbit.py:299
worker_1 | 2016-08-31 08:21:12.719 1 DEBUG oslo.messaging._drivers.impl_rabbit [-] [8a99e3ae-4b21-4689-9a23-3b94513a8285] Queue.declare: worker_fanout_5dca02c455374569a7a299e7ba61a2ee declare /usr/local/lib/python2.7/dist-packages/oslo_messaging/_drivers/impl_rabbit.py:299
worker_1 | 2016-08-31 08:21:12.722 1 INFO designate.worker.service [-] Started worker
worker_1 | 2016-08-31 08:21:14.673 1 DEBUG oslo.messaging._drivers.pool [req-c3bc7984-7b62-46d7-ba5a-5c8a487db3b0 - - - - -] Pool creating new connection create /usr/local/lib/python2.7/dist-packages/oslo_messaging/_drivers/pool.py:143
worker_1 | 2016-08-31 08:21:14.675 1 DEBUG oslo.messaging._drivers.impl_rabbit [req-c3bc7984-7b62-46d7-ba5a-5c8a487db3b0 - - - - -] [0deb1295-d343-40f2-9181-c72fb7d169c3] Connecting to AMQP server on rabbit:5672 __init__ /usr/local/lib/python2.7/dist-packages/oslo_messaging/_drivers/impl_rabbit.py:566
worker_1 | 2016-08-31 08:21:14.685 1 DEBUG oslo.messaging._drivers.impl_rabbit [req-c3bc7984-7b62-46d7-ba5a-5c8a487db3b0 - - - - -] [0deb1295-d343-40f2-9181-c72fb7d169c3] Connected to AMQP server on rabbit:5672 via [amqp] client with port 48546. __init__ /usr/local/lib/python2.7/dist-packages/oslo_messaging/_drivers/impl_rabbit.py:594
worker_1 | 2016-08-31 08:21:15.711 1 DEBUG designate.plugin [-] Looking for driver sqlalchemy in designate.storage get_driver /code/designate/plugin.py:115
worker_1 | 2016-08-31 08:21:15.750 1 DEBUG designate.plugin [-] Loaded plugin storage:sqlalchemy __init__ /code/designate/plugin.py:39
worker_1 | 2016-08-31 08:21:15.773 1 DEBUG oslo_db.sqlalchemy.engines [-] MySQL server mode set to STRICT_TRANS_TABLES,STRICT_ALL_TABLES,NO_ZERO_IN_DATE,NO_ZERO_DATE,ERROR_FOR_DIVISION_BY_ZERO,TRADITIONAL,NO_AUTO_CREATE_USER,NO_ENGINE_SUBSTITUTION _check_effective_sql_mode /usr/local/lib/python2.7/dist-packages/oslo_db/sqlalchemy/engines.py:261
worker_1 | 2016-08-31 08:21:15.791 1 DEBUG designate.worker.processing [req-05a26894-330f-49d6-b296-8d10957e69e3 - - - - -] Finished Tasks ['RecoverShard'] in 0.080777s run /code/designate/worker/processing.py:77
worker_1 | 2016-08-31 08:21:25.750 1 INFO designate.worker.service [req-36069d64-c09d-4c7b-be99-d8d03b0cb119 noauth-user noauth-project - - -] Lazily loading pool 794ccc2c-d751-44fe-b57f-8894c9f5c842
worker_1 | 2016-08-31 08:21:25.750 1 DEBUG designate.central.rpcapi [req-a4aa72ef-a516-41c4-8380-a081ca36fd07 - - - - -] Calling designate.central.get_pool() over RPC wrapped /code/designate/loggingutils.py:24
worker_1 | 2016-08-31 08:21:25.751 1 DEBUG oslo.messaging._drivers.pool [req-a4aa72ef-a516-41c4-8380-a081ca36fd07 - - - - -] Pool creating new connection create /usr/local/lib/python2.7/dist-packages/oslo_messaging/_drivers/pool.py:143
worker_1 | 2016-08-31 08:21:25.753 1 DEBUG oslo.messaging._drivers.impl_rabbit [req-a4aa72ef-a516-41c4-8380-a081ca36fd07 - - - - -] [05e0bdd8-6cb5-483d-a23e-0354a211a635] Connecting to AMQP server on rabbit:5672 __init__ /usr/local/lib/python2.7/dist-packages/oslo_messaging/_drivers/impl_rabbit.py:566
worker_1 | 2016-08-31 08:21:25.766 1 DEBUG oslo.messaging._drivers.impl_rabbit [req-a4aa72ef-a516-41c4-8380-a081ca36fd07 - - - - -] [05e0bdd8-6cb5-483d-a23e-0354a211a635] Connected to AMQP server on rabbit:5672 via [amqp] client with port 48574. __init__ /usr/local/lib/python2.7/dist-packages/oslo_messaging/_drivers/impl_rabbit.py:594
worker_1 | 2016-08-31 08:21:25.767 1 DEBUG oslo.messaging._drivers.impl_rabbit [req-a4aa72ef-a516-41c4-8380-a081ca36fd07 - - - - -] [05e0bdd8-6cb5-483d-a23e-0354a211a635] Queue.declare: reply_a5b103642f124d3fb2ef5bc547766a54 declare /usr/local/lib/python2.7/dist-packages/oslo_messaging/_drivers/impl_rabbit.py:299
worker_1 | 2016-08-31 08:21:25.818 1 DEBUG designate.backend [req-a4aa72ef-a516-41c4-8380-a081ca36fd07 - - - - -] Loading backend driver: agent get_backend /code/designate/backend/__init__.py:25
worker_1 | 2016-08-31 08:21:25.819 1 DEBUG designate.plugin [req-a4aa72ef-a516-41c4-8380-a081ca36fd07 - - - - -] Looking for driver agent in designate.backend get_driver /code/designate/plugin.py:115
worker_1 | 2016-08-31 08:21:25.819 1 DEBUG designate.plugin [req-a4aa72ef-a516-41c4-8380-a081ca36fd07 - - - - -] Loaded plugin backend:agent __init__ /code/designate/plugin.py:39
worker_1 | 2016-08-31 08:21:25.820 1 DEBUG designate.backend [req-94613f03-9f38-437b-9ab2-3e51158d573f - - - - -] Loading backend driver: agent get_backend /code/designate/backend/__init__.py:25
worker_1 | 2016-08-31 08:21:25.821 1 DEBUG designate.plugin [req-94613f03-9f38-437b-9ab2-3e51158d573f - - - - -] Looking for driver agent in designate.backend get_driver /code/designate/plugin.py:115
worker_1 | 2016-08-31 08:21:25.821 1 DEBUG designate.plugin [req-94613f03-9f38-437b-9ab2-3e51158d573f - - - - -] Loaded plugin backend:agent __init__ /code/designate/plugin.py:39
worker_1 | 2016-08-31 08:21:25.822 1 INFO designate.worker.service [req-7f6972c3-0a66-4ae8-9ace-686ad1d0b6f0 - - - - -] 2 targets setup
worker_1 | 2016-08-31 08:21:25.823 1 INFO designate.worker.tasks.zone [-] Attempting CREATE on zone pooey-FkLKUVvX.com.
worker_1 | 2016-08-31 08:21:25.824 1 DEBUG designate.worker.tasks.zone [-] Attempting CREATE zone pooey-FkLKUVvX.com. on __call__ /code/designate/worker/tasks/zone.py:73
worker_1 | 2016-08-31 08:21:25.825 1 DEBUG designate.backend.agent [-] Create Zone create_zone /code/designate/backend/agent.py:73
worker_1 | 2016-08-31 08:21:25.826 1 INFO designate.backend.agent [-] Sending '14' for 'pooey-FkLKUVvX.com.' to 'bind-2:5358'.
worker_1 | 2016-08-31 08:21:25.828 1 DEBUG designate.worker.tasks.zone [-] Attempting CREATE zone pooey-FkLKUVvX.com. on __call__ /code/designate/worker/tasks/zone.py:73
worker_1 | 2016-08-31 08:21:25.828 1 DEBUG designate.backend.agent [-] Create Zone create_zone /code/designate/backend/agent.py:73
worker_1 | 2016-08-31 08:21:25.829 1 INFO designate.backend.agent [-] Sending '14' for 'pooey-FkLKUVvX.com.' to 'bind-1:5358'.
worker_1 | 2016-08-31 08:21:25.978 1 DEBUG designate.worker.tasks.zone [-] Sent NOTIFY to bind-2:5358 for zone pooey-FkLKUVvX.com. __call__ /code/designate/worker/tasks/zone.py:124
worker_1 | 2016-08-31 08:21:25.978 1 DEBUG designate.worker.tasks.zone [-] Successful CREATE zone pooey-FkLKUVvX.com. on __call__ /code/designate/worker/tasks/zone.py:87
worker_1 | 2016-08-31 08:21:26.038 1 INFO designate.worker.tasks.zone [-] Attempting CREATE on zone pooey-NOcDOpdj.com.
worker_1 | 2016-08-31 08:21:26.039 1 DEBUG designate.worker.tasks.zone [-] Attempting CREATE zone pooey-NOcDOpdj.com. on __call__ /code/designate/worker/tasks/zone.py:73
worker_1 | 2016-08-31 08:21:26.039 1 DEBUG designate.backend.agent [-] Create Zone create_zone /code/designate/backend/agent.py:73
worker_1 | 2016-08-31 08:21:26.039 1 INFO designate.backend.agent [-] Sending '14' for 'pooey-NOcDOpdj.com.' to 'bind-2:5358'.
worker_1 | 2016-08-31 08:21:26.041 1 DEBUG designate.worker.tasks.zone [-] Attempting CREATE zone pooey-NOcDOpdj.com. on __call__ /code/designate/worker/tasks/zone.py:73
worker_1 | 2016-08-31 08:21:26.041 1 DEBUG designate.backend.agent [-] Create Zone create_zone /code/designate/backend/agent.py:73
worker_1 | 2016-08-31 08:21:26.042 1 INFO designate.backend.agent [-] Sending '14' for 'pooey-NOcDOpdj.com.' to 'bind-1:5358'.
worker_1 | 2016-08-31 08:21:26.071 1 DEBUG designate.worker.tasks.zone [-] Sent NOTIFY to bind-1:5358 for zone pooey-FkLKUVvX.com. __call__ /code/designate/worker/tasks/zone.py:124
worker_1 | 2016-08-31 08:21:26.071 1 DEBUG designate.worker.tasks.zone [-] Successful CREATE zone pooey-FkLKUVvX.com. on __call__ /code/designate/worker/tasks/zone.py:87
worker_1 | 2016-08-31 08:21:26.072 1 DEBUG designate.worker.processing [-] Finished Tasks ['ZoneActionOnTarget-Create', 'ZoneActionOnTarget-Create'] in 0.033848s run /code/designate/worker/processing.py:77
worker_1 | 2016-08-31 08:21:26.105 1 DEBUG designate.worker.tasks.zone [-] Sent NOTIFY to bind-2:5358 for zone pooey-NOcDOpdj.com. __call__ /code/designate/worker/tasks/zone.py:124
worker_1 | 2016-08-31 08:21:26.106 1 DEBUG designate.worker.tasks.zone [-] Successful CREATE zone pooey-NOcDOpdj.com. on __call__ /code/designate/worker/tasks/zone.py:87
worker_1 | 2016-08-31 08:21:26.115 1 DEBUG designate.worker.tasks.zone [-] Sent NOTIFY to bind-1:5358 for zone pooey-NOcDOpdj.com. __call__ /code/designate/worker/tasks/zone.py:124
worker_1 | 2016-08-31 08:21:26.115 1 DEBUG designate.worker.tasks.zone [-] Successful CREATE zone pooey-NOcDOpdj.com. on __call__ /code/designate/worker/tasks/zone.py:87
worker_1 | 2016-08-31 08:21:26.115 1 DEBUG designate.worker.processing [-] Finished Tasks ['ZoneActionOnTarget-Create', 'ZoneActionOnTarget-Create'] in 0.077379s run /code/designate/worker/processing.py:77
worker_1 | 2016-08-31 08:21:26.305 1 INFO designate.worker.tasks.zone [-] Attempting CREATE on zone pooey-nqcROZqE.com.
worker_1 | 2016-08-31 08:21:26.305 1 DEBUG designate.worker.tasks.zone [-] Attempting CREATE zone pooey-nqcROZqE.com. on __call__ /code/designate/worker/tasks/zone.py:73
worker_1 | 2016-08-31 08:21:26.306 1 DEBUG designate.backend.agent [-] Create Zone create_zone /code/designate/backend/agent.py:73
worker_1 | 2016-08-31 08:21:26.306 1 INFO designate.backend.agent [-] Sending '14' for 'pooey-nqcROZqE.com.' to 'bind-2:5358'.
worker_1 | 2016-08-31 08:21:26.308 1 DEBUG designate.worker.tasks.zone [-] Attempting CREATE zone pooey-nqcROZqE.com. on __call__ /code/designate/worker/tasks/zone.py:73
worker_1 | 2016-08-31 08:21:26.308 1 DEBUG designate.backend.agent [-] Create Zone create_zone /code/designate/backend/agent.py:73
worker_1 | 2016-08-31 08:21:26.309 1 INFO designate.backend.agent [-] Sending '14' for 'pooey-nqcROZqE.com.' to 'bind-1:5358'.
worker_1 | 2016-08-31 08:21:26.359 1 DEBUG designate.worker.tasks.zone [-] Sent NOTIFY to bind-1:5358 for zone pooey-nqcROZqE.com. __call__ /code/designate/worker/tasks/zone.py:124
worker_1 | 2016-08-31 08:21:26.359 1 DEBUG designate.worker.tasks.zone [-] Successful CREATE zone pooey-nqcROZqE.com. on __call__ /code/designate/worker/tasks/zone.py:87
worker_1 | 2016-08-31 08:21:26.367 1 DEBUG designate.worker.tasks.zone [-] Sent NOTIFY to bind-2:5358 for zone pooey-nqcROZqE.com. __call__ /code/designate/worker/tasks/zone.py:124
worker_1 | 2016-08-31 08:21:26.367 1 DEBUG designate.worker.tasks.zone [-] Successful CREATE zone pooey-nqcROZqE.com. on __call__ /code/designate/worker/tasks/zone.py:87
worker_1 | 2016-08-31 08:21:26.368 1 DEBUG designate.worker.processing [-] Finished Tasks ['ZoneActionOnTarget-Create', 'ZoneActionOnTarget-Create'] in 0.062813s run /code/designate/worker/processing.py:77
worker_1 | 2016-08-31 08:21:28.073 1 DEBUG designate.worker.tasks.zone [-] Polling for zone pooey-FkLKUVvX.com. serial 1472631685 on __call__ /code/designate/worker/tasks/zone.py:308
worker_1 | 2016-08-31 08:21:28.076 1 DEBUG designate.worker.tasks.zone [-] Polling for zone pooey-FkLKUVvX.com. serial 1472631685 on __call__ /code/designate/worker/tasks/zone.py:308
worker_1 | 2016-08-31 08:21:28.081 1 DEBUG designate.worker.tasks.zone [-] Found serial 1472631685 on bind-2 for zone pooey-FkLKUVvX.com. __call__ /code/designate/worker/tasks/zone.py:314
worker_1 | 2016-08-31 08:21:28.082 1 DEBUG designate.worker.tasks.zone [-] Found serial 1472631685 on bind-1 for zone pooey-FkLKUVvX.com. __call__ /code/designate/worker/tasks/zone.py:314
worker_1 | 2016-08-31 08:21:28.083 1 DEBUG designate.worker.processing [-] Finished Tasks ['PollForZone', 'PollForZone'] in 0.009744s run /code/designate/worker/processing.py:77
worker_1 | 2016-08-31 08:21:28.083 1 DEBUG designate.worker.tasks.zone [-] Results for polling pooey-FkLKUVvX.com.-1472631685: DNSQueryResult(positives=2, no_zones=0, consensus_serial=1472631685, results=[1472631685, 1472631685]) parse_query_results /code/designate/worker/tasks/zone.py:281
worker_1 | 2016-08-31 08:21:28.083 1 DEBUG designate.worker.tasks.zone [-] Successful poll for pooey-FkLKUVvX.com. _do_poll /code/designate/worker/tasks/zone.py:371
worker_1 | 2016-08-31 08:21:28.084 1 DEBUG designate.worker.tasks.zone [-] Found success for pooey-FkLKUVvX.com. at serial 1472631685 _on_success /code/designate/worker/tasks/zone.py:396
worker_1 | 2016-08-31 08:21:28.084 1 DEBUG designate.worker.tasks.zone [-] Updating status for pooey-FkLKUVvX.com. to SUCCESS:NONE __call__ /code/designate/worker/tasks/zone.py:479
worker_1 | 2016-08-31 08:21:28.084 1 DEBUG designate.central.rpcapi [-] Calling designate.central.update_status() over RPC wrapped /code/designate/loggingutils.py:24
worker_1 | 2016-08-31 08:21:28.086 1 DEBUG designate.worker.processing [req-7f6972c3-0a66-4ae8-9ace-686ad1d0b6f0 - - - - -] Finished Tasks ['ZoneAction-Create'] in 0.013670s run /code/designate/worker/processing.py:77
worker_1 | 2016-08-31 08:21:28.116 1 DEBUG designate.worker.tasks.zone [-] Polling for zone pooey-NOcDOpdj.com. serial 1472631685 on __call__ /code/designate/worker/tasks/zone.py:308
worker_1 | 2016-08-31 08:21:28.119 1 DEBUG designate.worker.tasks.zone [-] Polling for zone pooey-NOcDOpdj.com. serial 1472631685 on __call__ /code/designate/worker/tasks/zone.py:308
worker_1 | 2016-08-31 08:21:28.122 1 DEBUG designate.worker.tasks.zone [-] Found serial 1472631685 on bind-2 for zone pooey-NOcDOpdj.com. __call__ /code/designate/worker/tasks/zone.py:314
worker_1 | 2016-08-31 08:21:28.124 1 DEBUG designate.worker.tasks.zone [-] Found serial 1472631685 on bind-1 for zone pooey-NOcDOpdj.com. __call__ /code/designate/worker/tasks/zone.py:314
worker_1 | 2016-08-31 08:21:28.124 1 DEBUG designate.worker.processing [-] Finished Tasks ['PollForZone', 'PollForZone'] in 0.008339s run /code/designate/worker/processing.py:77
worker_1 | 2016-08-31 08:21:28.125 1 DEBUG designate.worker.tasks.zone [-] Results for polling pooey-NOcDOpdj.com.-1472631685: DNSQueryResult(positives=2, no_zones=0, consensus_serial=1472631685, results=[1472631685, 1472631685]) parse_query_results /code/designate/worker/tasks/zone.py:281
worker_1 | 2016-08-31 08:21:28.125 1 DEBUG designate.worker.tasks.zone [-] Successful poll for pooey-NOcDOpdj.com. _do_poll /code/designate/worker/tasks/zone.py:371
worker_1 | 2016-08-31 08:21:28.125 1 DEBUG designate.worker.tasks.zone [-] Found success for pooey-NOcDOpdj.com. at serial 1472631685 _on_success /code/designate/worker/tasks/zone.py:396
worker_1 | 2016-08-31 08:21:28.126 1 DEBUG designate.worker.tasks.zone [-] Updating status for pooey-NOcDOpdj.com. to SUCCESS:NONE __call__ /code/designate/worker/tasks/zone.py:479
worker_1 | 2016-08-31 08:21:28.126 1 DEBUG designate.central.rpcapi [-] Calling designate.central.update_status() over RPC wrapped /code/designate/loggingutils.py:24
worker_1 | 2016-08-31 08:21:28.128 1 DEBUG designate.worker.processing [req-af7d5d25-7d88-4bdc-9a56-7e2de2ed4c5c noauth-user noauth-project - - -] Finished Tasks ['ZoneAction-Create'] in 0.011921s run /code/designate/worker/processing.py:77
worker_1 | 2016-08-31 08:21:28.369 1 DEBUG designate.worker.tasks.zone [-] Polling for zone pooey-nqcROZqE.com. serial 1472631686 on __call__ /code/designate/worker/tasks/zone.py:308
worker_1 | 2016-08-31 08:21:28.371 1 DEBUG designate.worker.tasks.zone [-] Polling for zone pooey-nqcROZqE.com. serial 1472631686 on __call__ /code/designate/worker/tasks/zone.py:308
worker_1 | 2016-08-31 08:21:28.373 1 DEBUG designate.worker.tasks.zone [-] Found serial 1472631686 on bind-2 for zone pooey-nqcROZqE.com. __call__ /code/designate/worker/tasks/zone.py:314
worker_1 | 2016-08-31 08:21:28.374 1 DEBUG designate.worker.tasks.zone [-] Found serial 1472631686 on bind-1 for zone pooey-nqcROZqE.com. __call__ /code/designate/worker/tasks/zone.py:314
worker_1 | 2016-08-31 08:21:28.375 1 DEBUG designate.worker.processing [-] Finished Tasks ['PollForZone', 'PollForZone'] in 0.006460s run /code/designate/worker/processing.py:77
worker_1 | 2016-08-31 08:21:28.375 1 DEBUG designate.worker.tasks.zone [-] Results for polling pooey-nqcROZqE.com.-1472631686: DNSQueryResult(positives=2, no_zones=0, consensus_serial=1472631686, results=[1472631686, 1472631686]) parse_query_results /code/designate/worker/tasks/zone.py:281
worker_1 | 2016-08-31 08:21:28.375 1 DEBUG designate.worker.tasks.zone [-] Successful poll for pooey-nqcROZqE.com. _do_poll /code/designate/worker/tasks/zone.py:371
worker_1 | 2016-08-31 08:21:28.376 1 DEBUG designate.worker.tasks.zone [-] Found success for pooey-nqcROZqE.com. at serial 1472631686 _on_success /code/designate/worker/tasks/zone.py:396
worker_1 | 2016-08-31 08:21:28.376 1 DEBUG designate.worker.tasks.zone [-] Updating status for pooey-nqcROZqE.com. to SUCCESS:NONE __call__ /code/designate/worker/tasks/zone.py:479
worker_1 | 2016-08-31 08:21:28.376 1 DEBUG designate.central.rpcapi [-] Calling designate.central.update_status() over RPC wrapped /code/designate/loggingutils.py:24
worker_1 | 2016-08-31 08:21:28.379 1 DEBUG designate.worker.processing [req-39974d6e-ac9d-4e1e-b1f2-efb2451803d1 noauth-user noauth-project - - -] Finished Tasks ['ZoneAction-Create'] in 0.010304s run /code/designate/worker/processing.py:77
bind-1_1 | DEBUG: 2016/08/31 08:21:07.700544 ****************CONFIG****************
bind-1_1 | DEBUG: 2016/08/31 08:21:07.700584 debug = true
bind-1_1 | DEBUG: 2016/08/31 08:21:07.700589 log =
bind-1_1 | DEBUG: 2016/08/31 08:21:07.700592 bind_address = 0.0.0.0
bind-1_1 | DEBUG: 2016/08/31 08:21:07.700595 bind_port = 5358
bind-1_1 | DEBUG: 2016/08/31 08:21:07.700599 all_tcp = true
bind-1_1 | DEBUG: 2016/08/31 08:21:07.700602 master = mdns:5354
bind-1_1 | DEBUG: 2016/08/31 08:21:07.700605 query_dest = 127.0.0.1:53
bind-1_1 | DEBUG: 2016/08/31 08:21:07.700608 zone_file_path = /var/cache/bind/
bind-1_1 | DEBUG: 2016/08/31 08:21:07.700623 query_timeout = 10s
bind-1_1 | DEBUG: 2016/08/31 08:21:07.700627 limit_rndc = true
bind-1_1 | DEBUG: 2016/08/31 08:21:07.700631 rndc_timeout = 15s
bind-1_1 | DEBUG: 2016/08/31 08:21:07.700636 rndc_limit = 1
bind-1_1 | DEBUG: 2016/08/31 08:21:07.700639 status_file =
bind-1_1 | DEBUG: 2016/08/31 08:21:07.700642 status_interval = 1m0s
bind-1_1 | DEBUG: 2016/08/31 08:21:07.700645 stats_uri = /stats.
bind-1_1 | DEBUG: 2016/08/31 08:21:07.700652 allow_notify = []
bind-1_1 | DEBUG: 2016/08/31 08:21:07.700655 ****************CONFIG****************
bind-1_1 | INFO : 2016/08/31 08:21:07.700706 slappy starting udp listener on 0.0.0.0:5358
bind-1_1 | INFO : 2016/08/31 08:21:07.710105 Not writing status files
bind-1_1 | INFO : 2016/08/31 08:21:07.710150 slappy starting tcp listener on 0.0.0.0:5358
bind-1_1 | 31-Aug-2016 08:21:07.715 starting BIND 9.9.5-3ubuntu0.8-Ubuntu -g -u bind
bind-1_1 | 31-Aug-2016 08:21:07.715 built with '--prefix=/usr' '--mandir=/usr/share/man' '--infodir=/usr/share/info' '--sysconfdir=/etc/bind' '--localstatedir=/var' '--enable-threads' '--enable-largefile' '--with-libtool' '--enable-shared' '--enable-static' '--with-openssl=/usr' '--with-gssapi=/usr' '--with-gnu-ld' '--with-geoip=/usr' '--with-atf=no' '--enable-ipv6' '--enable-rrl' '--enable-filter-aaaa' 'CFLAGS=-fno-strict-aliasing -DDIG_SIGCHASE -O2'
bind-1_1 | 31-Aug-2016 08:21:07.715 ----------------------------------------------------
bind-1_1 | 31-Aug-2016 08:21:07.715 BIND 9 is maintained by Internet Systems Consortium,
bind-1_1 | 31-Aug-2016 08:21:07.715 Inc. (ISC), a non-profit 501(c)(3) public-benefit
bind-1_1 | 31-Aug-2016 08:21:07.715 corporation. Support and training for BIND 9 are
bind-1_1 | 31-Aug-2016 08:21:07.715 available at https://www.isc.org/support
bind-1_1 | 31-Aug-2016 08:21:07.715 ----------------------------------------------------
bind-1_1 | 31-Aug-2016 08:21:07.715 found 4 CPUs, using 4 worker threads
bind-1_1 | 31-Aug-2016 08:21:07.715 using 4 UDP listeners per interface
bind-1_1 | 31-Aug-2016 08:21:07.715 using up to 4096 sockets
bind-2_1 | DEBUG: 2016/08/31 08:21:08.439287 ****************CONFIG****************
bind-1_1 | 31-Aug-2016 08:21:07.718 loading configuration from '/etc/bind/named.conf'
rabbit_1 |
bind-2_1 | DEBUG: 2016/08/31 08:21:08.439303 debug = true
bind-1_1 | 31-Aug-2016 08:21:07.718 reading built-in trusted keys from file '/etc/bind/bind.keys'
bind-2_1 | DEBUG: 2016/08/31 08:21:08.439308 log =
bind-1_1 | 31-Aug-2016 08:21:07.719 using default UDP/IPv4 port range: [1024, 65535]
bind-2_1 | DEBUG: 2016/08/31 08:21:08.439344 bind_address = 0.0.0.0
bind-2_1 | DEBUG: 2016/08/31 08:21:08.439348 bind_port = 5358
bind-1_1 | 31-Aug-2016 08:21:07.719 using default UDP/IPv6 port range: [1024, 65535]
bind-2_1 | DEBUG: 2016/08/31 08:21:08.439351 all_tcp = true
rabbit_1 | RabbitMQ 3.6.5. Copyright (C) 2007-2016 Pivotal Software, Inc.
bind-1_1 | 31-Aug-2016 08:21:07.719 listening on IPv6 interfaces, port 53
rabbit_1 | ## ## Licensed under the MPL. See http://www.rabbitmq.com/
bind-2_1 | DEBUG: 2016/08/31 08:21:08.439354 master = mdns:5354
rabbit_1 | ## ##
bind-1_1 | 31-Aug-2016 08:21:07.746 listening on IPv4 interface lo, 127.0.0.1#53
bind-2_1 | DEBUG: 2016/08/31 08:21:08.439357 query_dest = 127.0.0.1:53
rabbit_1 | ########## Logs: tty
producer_1 | Option "verbose" from group "DEFAULT" is deprecated for removal. Its value may be silently ignored in the future.
bind-1_1 | 31-Aug-2016 08:21:07.747 listening on IPv4 interface eth0, 172.18.0.4#53
producer_1 | 2016-08-31 08:21:08.391 1 WARNING oslo_reports.guru_meditation_report [-] Guru meditation now registers SIGUSR1 and SIGUSR2 by default for backward compatibility. SIGUSR1 will no longer be registered in a future release, so please use SIGUSR2 to generate reports.
central_1 | Option "verbose" from group "DEFAULT" is deprecated for removal. Its value may be silently ignored in the future.
bind-2_1 | DEBUG: 2016/08/31 08:21:08.439363 zone_file_path = /var/cache/bind/
producer_1 | 2016-08-31 08:21:08.392 1 WARNING oslo_config.cfg [-] Option "enabled" from group "service:worker" is deprecated for removal. Its value may be silently ignored in the future.
rabbit_1 | ###### ## tty
bind-1_1 | 31-Aug-2016 08:21:07.748 couldn't mkdir '/var/run/named': Permission denied
producer_1 | 2016-08-31 08:21:08.393 1 DEBUG designate.utils [-] Searching for configuration at path: policy.json find_config /code/designate/utils.py:96
api_1 | Option "verbose" from group "DEFAULT" is deprecated for removal. Its value may be silently ignored in the future.
bind-2_1 | DEBUG: 2016/08/31 08:21:08.439371 query_timeout = 10s
rabbit_1 | ##########
central_1 | 2016-08-31 08:21:08.715 1 WARNING oslo_reports.guru_meditation_report [-] Guru meditation now registers SIGUSR1 and SIGUSR2 by default for backward compatibility. SIGUSR1 will no longer be registered in a future release, so please use SIGUSR2 to generate reports.
producer_1 | 2016-08-31 08:21:08.393 1 DEBUG designate.utils [-] Searching for configuration at path: /code/etc/designate/policy.json find_config /code/designate/utils.py:96
producer_1 | 2016-08-31 08:21:08.393 1 DEBUG designate.utils [-] Found configuration at path: /code/etc/designate/policy.json find_config /code/designate/utils.py:98
bind-2_1 | DEBUG: 2016/08/31 08:21:08.439374 limit_rndc = true
api_1 | 2016-08-31 08:21:09.417 1 WARNING oslo_reports.guru_meditation_report [-] Guru meditation now registers SIGUSR1 and SIGUSR2 by default for backward compatibility. SIGUSR1 will no longer be registered in a future release, so please use SIGUSR2 to generate reports.
api_1 | 2016-08-31 08:21:09.418 1 DEBUG designate.utils [-] Searching for configuration at path: policy.json find_config /code/designate/utils.py:96
api_1 | 2016-08-31 08:21:09.418 1 DEBUG designate.utils [-] Searching for configuration at path: /code/etc/designate/policy.json find_config /code/designate/utils.py:96
producer_1 | 2016-08-31 08:21:08.394 1 DEBUG designate.utils [-] Searching for configuration at path: /code/etc/policy.json find_config /code/designate/utils.py:96
bind-2_1 | DEBUG: 2016/08/31 08:21:08.439378 rndc_timeout = 15s
bind-1_1 | 31-Aug-2016 08:21:07.748 generating session key for dynamic DNS
central_1 | 2016-08-31 08:21:08.716 1 DEBUG designate.utils [-] Searching for configuration at path: policy.json find_config /code/designate/utils.py:96
rabbit_1 | Starting broker...
rabbit_1 |
producer_1 | 2016-08-31 08:21:08.394 1 DEBUG designate.utils [-] Searching for configuration at path: /code/policy.json find_config /code/designate/utils.py:96
producer_1 | 2016-08-31 08:21:08.394 1 DEBUG designate.utils [-] Searching for configuration at path: /etc/designate/policy.json find_config /code/designate/utils.py:96
producer_1 | 2016-08-31 08:21:08.394 1 DEBUG designate.utils [-] Found configuration at path: /etc/designate/policy.json find_config /code/designate/utils.py:98
producer_1 | 2016-08-31 08:21:08.395 1 INFO designate.policy [-] Using policy_file found at: /code/etc/designate/policy.json
rabbit_1 | =INFO REPORT==== 31-Aug-2016::08:21:11 ===
rabbit_1 | Starting RabbitMQ 3.6.5 on Erlang 19.0
api_1 | 2016-08-31 08:21:09.418 1 DEBUG designate.utils [-] Found configuration at path: /code/etc/designate/policy.json find_config /code/designate/utils.py:98
producer_1 | 2016-08-31 08:21:08.422 1 DEBUG designate.policy [-] Enforcer is not present, recreating. init /code/designate/policy.py:80
producer_1 | 2016-08-31 08:21:08.484 1 WARNING oslo_config.cfg [-] Option "notification_driver" from group "DEFAULT" is deprecated. Use option "driver" from group "oslo_messaging_notifications".
producer_1 | 2016-08-31 08:21:08.485 1 WARNING oslo_config.cfg [-] Option "notification_topics" from group "DEFAULT" is deprecated. Use option "topics" from group "oslo_messaging_notifications".
rabbit_1 | Copyright (C) 2007-2016 Pivotal Software, Inc.
rabbit_1 | Licensed under the MPL. See http://www.rabbitmq.com/
api_1 | 2016-08-31 08:21:09.418 1 DEBUG designate.utils [-] Searching for configuration at path: /code/etc/policy.json find_config /code/designate/utils.py:96
producer_1 | 2016-08-31 08:21:08.486 1 DEBUG designate.service [-] Creating RPC Server on topic 'producer' __init__ /code/designate/service.py:146
producer_1 | 2016-08-31 08:21:08.498 1 DEBUG designate.plugin [-] Looking for driver rpc in designate.heartbeat_emitter get_driver /code/designate/plugin.py:115
bind-1_1 | 31-Aug-2016 08:21:07.748 couldn't mkdir '/var/run/named': Permission denied
bind-2_1 | DEBUG: 2016/08/31 08:21:08.439382 rndc_limit = 1
api_1 | 2016-08-31 08:21:09.419 1 DEBUG designate.utils [-] Searching for configuration at path: /code/policy.json find_config /code/designate/utils.py:96
central_1 | 2016-08-31 08:21:08.717 1 DEBUG designate.utils [-] Searching for configuration at path: /code/etc/designate/policy.json find_config /code/designate/utils.py:96
rabbit_1 |
producer_1 | 2016-08-31 08:21:08.518 1 DEBUG designate.plugin [-] Loaded plugin heartbeat_emitter:rpc __init__ /code/designate/plugin.py:39
producer_1 | 2016-08-31 08:21:08.518 1 DEBUG oslo_concurrency.lockutils [-] Acquired semaphore "singleton_lock" lock /usr/local/lib/python2.7/dist-packages/oslo_concurrency/lockutils.py:212
bind-2_1 | DEBUG: 2016/08/31 08:21:08.439385 status_file =
producer_1 | 2016-08-31 08:21:08.519 1 DEBUG oslo_concurrency.lockutils [-] Releasing semaphore "singleton_lock" lock /usr/local/lib/python2.7/dist-packages/oslo_concurrency/lockutils.py:225
api_1 | 2016-08-31 08:21:09.419 1 DEBUG designate.utils [-] Searching for configuration at path: /etc/designate/policy.json find_config /code/designate/utils.py:96
bind-1_1 | 31-Aug-2016 08:21:07.748 could not create /var/run/named/session.key
rabbit_1 | =INFO REPORT==== 31-Aug-2016::08:21:11 ===
rabbit_1 | node : rabbit@9b1708755e3d
central_1 | 2016-08-31 08:21:08.717 1 DEBUG designate.utils [-] Found configuration at path: /code/etc/designate/policy.json find_config /code/designate/utils.py:98
producer_1 | 2016-08-31 08:21:08.519 1 DEBUG oslo_service.service [-] Full set of CONF: _wait_for_exit_or_signal /usr/local/lib/python2.7/dist-packages/oslo_service/service.py:302
bind-1_1 | 31-Aug-2016 08:21:07.748 failed to generate session key for dynamic DNS: permission denied
api_1 | 2016-08-31 08:21:09.419 1 DEBUG designate.utils [-] Found configuration at path: /etc/designate/policy.json find_config /code/designate/utils.py:98
api_1 | 2016-08-31 08:21:09.419 1 INFO designate.policy [-] Using policy_file found at: /code/etc/designate/policy.json
producer_1 | 2016-08-31 08:21:08.519 1 DEBUG oslo_service.service [-] ******************************************************************************** log_opt_values /usr/local/lib/python2.7/dist-packages/oslo_config/cfg.py:2604
rabbit_1 | home dir : /var/lib/rabbitmq
bind-1_1 | 31-Aug-2016 08:21:07.748 open: 3bf305731dd26307.nzf: file not found
central_1 | 2016-08-31 08:21:08.717 1 DEBUG designate.utils [-] Searching for configuration at path: /code/etc/policy.json find_config /code/designate/utils.py:96
api_1 | 2016-08-31 08:21:09.441 1 DEBUG designate.policy [-] Enforcer is not present, recreating. init /code/designate/policy.py:80
api_1 | 2016-08-31 08:21:09.478 1 WARNING oslo_config.cfg [-] Option "notification_driver" from group "DEFAULT" is deprecated. Use option "driver" from group "oslo_messaging_notifications".
producer_1 | 2016-08-31 08:21:08.520 1 DEBUG oslo_service.service [-] Configuration options gathered from: log_opt_values /usr/local/lib/python2.7/dist-packages/oslo_config/cfg.py:2605
bind-1_1 | 31-Aug-2016 08:21:07.748 sizing zone task pool based on 5 zones
rabbit_1 | config file(s) : /etc/rabbitmq/rabbitmq.config
central_1 | 2016-08-31 08:21:08.718 1 DEBUG designate.utils [-] Searching for configuration at path: /code/policy.json find_config /code/designate/utils.py:96
bind-2_1 | DEBUG: 2016/08/31 08:21:08.439389 status_interval = 1m0s
api_1 | 2016-08-31 08:21:09.478 1 WARNING oslo_config.cfg [-] Option "notification_topics" from group "DEFAULT" is deprecated. Use option "topics" from group "oslo_messaging_notifications".
producer_1 | 2016-08-31 08:21:08.520 1 DEBUG oslo_service.service [-] command line args: [] log_opt_values /usr/local/lib/python2.7/dist-packages/oslo_config/cfg.py:2606
rabbit_1 | cookie hash : rgaBn4AUt6yh9X2cLA1Asw==
bind-1_1 | 31-Aug-2016 08:21:07.751 using built-in root key for view _default
api_1 | 2016-08-31 08:21:09.479 1 DEBUG designate.plugin [-] Looking for driver rpc in designate.heartbeat_emitter get_driver /code/designate/plugin.py:115
bind-2_1 | DEBUG: 2016/08/31 08:21:08.439392 stats_uri = /stats.
producer_1 | 2016-08-31 08:21:08.520 1 DEBUG oslo_service.service [-] config files: ['/etc/designate/designate.conf'] log_opt_values /usr/local/lib/python2.7/dist-packages/oslo_config/cfg.py:2608
bind-2_1 | DEBUG: 2016/08/31 08:21:08.439397 allow_notify = []
central_1 | 2016-08-31 08:21:08.718 1 DEBUG designate.utils [-] Searching for configuration at path: /etc/designate/policy.json find_config /code/designate/utils.py:96
rabbit_1 | log : tty
producer_1 | 2016-08-31 08:21:08.520 1 DEBUG oslo_service.service [-] ================================================================================ log_opt_values /usr/local/lib/python2.7/dist-packages/oslo_config/cfg.py:2609
bind-1_1 | 31-Aug-2016 08:21:07.751 set up managed keys zone for view _default, file 'managed-keys.bind'
bind-2_1 | DEBUG: 2016/08/31 08:21:08.439399 ****************CONFIG****************
bind-2_1 | INFO : 2016/08/31 08:21:08.439433 slappy starting udp listener on 0.0.0.0:5358
mdns_1 | Option "verbose" from group "DEFAULT" is deprecated for removal. Its value may be silently ignored in the future.
mdns_1 | 2016-08-31 08:21:09.112 1 WARNING oslo_reports.guru_meditation_report [-] Guru meditation now registers SIGUSR1 and SIGUSR2 by default for backward compatibility. SIGUSR1 will no longer be registered in a future release, so please use SIGUSR2 to generate reports.
producer_1 | 2016-08-31 08:21:08.526 1 DEBUG oslo_service.service [-] allowed_remote_exmods = [] log_opt_values /usr/local/lib/python2.7/dist-packages/oslo_config/cfg.py:2618
central_1 | 2016-08-31 08:21:08.718 1 DEBUG designate.utils [-] Found configuration at path: /etc/designate/policy.json find_config /code/designate/utils.py:98
api_1 | 2016-08-31 08:21:09.480 1 DEBUG designate.plugin [-] Loaded plugin heartbeat_emitter:rpc __init__ /code/designate/plugin.py:39
bind-1_1 | 31-Aug-2016 08:21:07.754 command channel listening on 0.0.0.0#953
bind-2_1 | INFO : 2016/08/31 08:21:08.439730 Not writing status files
mdns_1 | 2016-08-31 08:21:09.113 1 DEBUG designate.utils [-] Searching for configuration at path: policy.json find_config /code/designate/utils.py:96
mdns_1 | 2016-08-31 08:21:09.114 1 DEBUG designate.utils [-] Searching for configuration at path: /code/etc/designate/policy.json find_config /code/designate/utils.py:96
mdns_1 | 2016-08-31 08:21:09.114 1 DEBUG designate.utils [-] Found configuration at path: /code/etc/designate/policy.json find_config /code/designate/utils.py:98
mdns_1 | 2016-08-31 08:21:09.114 1 DEBUG designate.utils [-] Searching for configuration at path: /code/etc/policy.json find_config /code/designate/utils.py:96
mdns_1 | 2016-08-31 08:21:09.114 1 DEBUG designate.utils [-] Searching for configuration at path: /code/policy.json find_config /code/designate/utils.py:96
mdns_1 | 2016-08-31 08:21:09.115 1 DEBUG designate.utils [-] Searching for configuration at path: /etc/designate/policy.json find_config /code/designate/utils.py:96
mdns_1 | 2016-08-31 08:21:09.115 1 DEBUG designate.utils [-] Found configuration at path: /etc/designate/policy.json find_config /code/designate/utils.py:98
mdns_1 | 2016-08-31 08:21:09.115 1 INFO designate.policy [-] Using policy_file found at: /code/etc/designate/policy.json
mdns_1 | 2016-08-31 08:21:09.138 1 DEBUG designate.policy [-] Enforcer is not present, recreating. init /code/designate/policy.py:80
mdns_1 | 2016-08-31 08:21:09.171 1 WARNING oslo_config.cfg [-] Option "notification_driver" from group "DEFAULT" is deprecated. Use option "driver" from group "oslo_messaging_notifications".
mdns_1 | 2016-08-31 08:21:09.172 1 WARNING oslo_config.cfg [-] Option "notification_topics" from group "DEFAULT" is deprecated. Use option "topics" from group "oslo_messaging_notifications".
mdns_1 | 2016-08-31 08:21:09.173 1 DEBUG designate.service [-] Creating RPC Server on topic 'mdns' __init__ /code/designate/service.py:146
mdns_1 | 2016-08-31 08:21:09.173 1 INFO designate.mdns.base [-] Initialized mDNS notify endpoint
mdns_1 | 2016-08-31 08:21:09.174 1 INFO designate.mdns.base [-] Initialized mDNS xfr endpoint
mdns_1 | 2016-08-31 08:21:09.181 1 DEBUG designate.plugin [-] Looking for driver rpc in designate.heartbeat_emitter get_driver /code/designate/plugin.py:115
mdns_1 | 2016-08-31 08:21:09.182 1 DEBUG designate.plugin [-] Loaded plugin heartbeat_emitter:rpc __init__ /code/designate/plugin.py:39
mdns_1 | 2016-08-31 08:21:09.182 1 DEBUG oslo_concurrency.lockutils [-] Acquired semaphore "singleton_lock" lock /usr/local/lib/python2.7/dist-packages/oslo_concurrency/lockutils.py:212
mdns_1 | 2016-08-31 08:21:09.183 1 DEBUG oslo_concurrency.lockutils [-] Releasing semaphore "singleton_lock" lock /usr/local/lib/python2.7/dist-packages/oslo_concurrency/lockutils.py:225
mdns_1 | 2016-08-31 08:21:09.183 1 INFO oslo_service.service [-] Starting 3 workers
mdns_1 | 2016-08-31 08:21:09.185 1 DEBUG oslo_service.service [-] Started child 12 _start_child /usr/local/lib/python2.7/dist-packages/oslo_service/service.py:500
mdns_1 | 2016-08-31 08:21:09.187 1 DEBUG oslo_service.service [-] Started child 13 _start_child /usr/local/lib/python2.7/dist-packages/oslo_service/service.py:500
producer_1 | 2016-08-31 08:21:08.526 1 DEBUG oslo_service.service [-] backdoor_port = None log_opt_values /usr/local/lib/python2.7/dist-packages/oslo_config/cfg.py:2618
bind-1_1 | 31-Aug-2016 08:21:07.754 not using config file logging statement for logging due to -g option
rabbit_1 | sasl log : tty
api_1 | 2016-08-31 08:21:09.481 1 DEBUG oslo_concurrency.lockutils [-] Acquired semaphore "singleton_lock" lock /usr/local/lib/python2.7/dist-packages/oslo_concurrency/lockutils.py:212
producer_1 | 2016-08-31 08:21:08.527 1 DEBUG oslo_service.service [-] backdoor_socket = None log_opt_values /usr/local/lib/python2.7/dist-packages/oslo_config/cfg.py:2618
bind-2_1 | INFO : 2016/08/31 08:21:08.439755 slappy starting tcp listener on 0.0.0.0:5358
bind-2_1 | 31-Aug-2016 08:21:08.452 starting BIND 9.9.5-3ubuntu0.8-Ubuntu -g -u bind
bind-2_1 | 31-Aug-2016 08:21:08.452 built with '--prefix=/usr' '--mandir=/usr/share/man' '--infodir=/usr/share/info' '--sysconfdir=/etc/bind' '--localstatedir=/var' '--enable-threads' '--enable-largefile' '--with-libtool' '--enable-shared' '--enable-static' '--with-openssl=/usr' '--with-gssapi=/usr' '--with-gnu-ld' '--with-geoip=/usr' '--with-atf=no' '--enable-ipv6' '--enable-rrl' '--enable-filter-aaaa' 'CFLAGS=-fno-strict-aliasing -DDIG_SIGCHASE -O2'
central_1 | 2016-08-31 08:21:08.719 1 INFO designate.policy [-] Using policy_file found at: /code/etc/designate/policy.json
mdns_1 | 2016-08-31 08:21:09.188 12 INFO designate.service [-] Starting mdns service (version: 3.0.0)
rabbit_1 | database dir : /var/lib/rabbitmq/mnesia/rabbit@9b1708755e3d
rabbit_1 |
bind-2_1 | 31-Aug-2016 08:21:08.452 ----------------------------------------------------
producer_1 | 2016-08-31 08:21:08.527 1 DEBUG oslo_service.service [-] backlog = 4096 log_opt_values /usr/local/lib/python2.7/dist-packages/oslo_config/cfg.py:2618
central_1 | 2016-08-31 08:21:08.746 1 DEBUG designate.policy [-] Enforcer is not present, recreating. init /code/designate/policy.py:80
bind-2_1 | 31-Aug-2016 08:21:08.452 BIND 9 is maintained by Internet Systems Consortium,
producer_1 | 2016-08-31 08:21:08.527 1 DEBUG oslo_service.service [-] central_topic = central log_opt_values /usr/local/lib/python2.7/dist-packages/oslo_config/cfg.py:2618
rabbit_1 | =INFO REPORT==== 31-Aug-2016::08:21:12 ===
mdns_1 | 2016-08-31 08:21:09.189 12 DEBUG designate.service [-] Starting RPC server on topic 'mdns' start /code/designate/service.py:175
mdns_1 | 2016-08-31 08:21:09.188 1 DEBUG oslo_service.service [-] Started child 14 _start_child /usr/local/lib/python2.7/dist-packages/oslo_service/service.py:500
bind-1_1 | 31-Aug-2016 08:21:07.756 managed-keys-zone: loaded serial 0
producer_1 | 2016-08-31 08:21:08.527 1 DEBUG oslo_service.service [-] config_dir = None log_opt_values /usr/local/lib/python2.7/dist-packages/oslo_config/cfg.py:2618
bind-2_1 | 31-Aug-2016 08:21:08.452 Inc. (ISC), a non-profit 501(c)(3) public-benefit
bind-2_1 | 31-Aug-2016 08:21:08.452 corporation. Support and training for BIND 9 are
bind-2_1 | 31-Aug-2016 08:21:08.452 available at https://www.isc.org/support
rabbit_1 | Memory limit set to 1580MB of 3951MB total.
producer_1 | 2016-08-31 08:21:08.528 1 DEBUG oslo_service.service [-] config_file = ['/etc/designate/designate.conf'] log_opt_values /usr/local/lib/python2.7/dist-packages/oslo_config/cfg.py:2618
producer_1 | 2016-08-31 08:21:08.528 1 DEBUG oslo_service.service [-] control_exchange = designate log_opt_values /usr/local/lib/python2.7/dist-packages/oslo_config/cfg.py:2618
central_1 | 2016-08-31 08:21:08.789 1 WARNING oslo_config.cfg [-] Option "notification_driver" from group "DEFAULT" is deprecated. Use option "driver" from group "oslo_messaging_notifications".
api_1 | 2016-08-31 08:21:09.482 1 DEBUG oslo_concurrency.lockutils [-] Releasing semaphore "singleton_lock" lock /usr/local/lib/python2.7/dist-packages/oslo_concurrency/lockutils.py:225
rabbit_1 |
mdns_1 | 2016-08-31 08:21:09.190 12 DEBUG oslo.messaging._drivers.pool [-] Pool creating new connection create /usr/local/lib/python2.7/dist-packages/oslo_messaging/_drivers/pool.py:143
central_1 | 2016-08-31 08:21:08.790 1 WARNING oslo_config.cfg [-] Option "notification_topics" from group "DEFAULT" is deprecated. Use option "topics" from group "oslo_messaging_notifications".
bind-2_1 | 31-Aug-2016 08:21:08.452 ----------------------------------------------------
api_1 | 2016-08-31 08:21:09.482 1 DEBUG oslo_service.service [-] Full set of CONF: _wait_for_exit_or_signal /usr/local/lib/python2.7/dist-packages/oslo_service/service.py:302
producer_1 | 2016-08-31 08:21:08.528 1 DEBUG oslo_service.service [-] debug = True log_opt_values /usr/local/lib/python2.7/dist-packages/oslo_config/cfg.py:2618
bind-1_1 | 31-Aug-2016 08:21:07.757 zone 0.in-addr.arpa/IN: loaded serial 1
bind-1_1 | 31-Aug-2016 08:21:07.757 zone 127.in-addr.arpa/IN: loaded serial 1
rabbit_1 | =INFO REPORT==== 31-Aug-2016::08:21:12 ===
central_1 | 2016-08-31 08:21:08.791 1 DEBUG designate.service [-] Creating RPC Server on topic 'central' __init__ /code/designate/service.py:146
mdns_1 | 2016-08-31 08:21:09.190 1 DEBUG oslo_service.service [-] Full set of CONF: wait /usr/local/lib/python2.7/dist-packages/oslo_service/service.py:567
mdns_1 | 2016-08-31 08:21:09.190 1 DEBUG oslo_service.service [-] ******************************************************************************** log_opt_values /usr/local/lib/python2.7/dist-packages/oslo_config/cfg.py:2604
producer_1 | 2016-08-31 08:21:08.528 1 DEBUG oslo_service.service [-] default_log_levels = ['amqplib=WARN', 'amqp=WARN', 'boto=WARN', 'eventlet.wsgi.server=WARN', 'iso8601=WARN', 'kazoo.client=WARN', 'keystone=INFO', 'keystonemiddleware.auth_token=INFO', 'oslo_messaging=WARN', 'oslo_service.loopingcall=WARN', 'sqlalchemy=WARN', 'stevedore=WARN', 'suds=INFO'] log_opt_values /usr/local/lib/python2.7/dist-packages/oslo_config/cfg.py:2618
bind-2_1 | 31-Aug-2016 08:21:08.452 found 4 CPUs, using 4 worker threads
rabbit_1 | Disk free limit set to 50MB
central_1 | 2016-08-31 08:21:08.800 1 DEBUG designate.plugin [-] Looking for driver rpc in designate.heartbeat_emitter get_driver /code/designate/plugin.py:115
bind-2_1 | 31-Aug-2016 08:21:08.462 using 4 UDP listeners per interface
bind-2_1 | 31-Aug-2016 08:21:08.464 using up to 4096 sockets
api_1 | 2016-08-31 08:21:09.482 1 DEBUG oslo_service.service [-] ******************************************************************************** log_opt_values /usr/local/lib/python2.7/dist-packages/oslo_config/cfg.py:2604
api_1 | 2016-08-31 08:21:09.483 1 DEBUG oslo_service.service [-] Configuration options gathered from: log_opt_values /usr/local/lib/python2.7/dist-packages/oslo_config/cfg.py:2605
rabbit_1 |
mdns_1 | 2016-08-31 08:21:09.191 12 WARNING oslo_config.cfg [-] Option "rabbit_hosts" from group "DEFAULT" is deprecated. Use option "rabbit_hosts" from group "oslo_messaging_rabbit".
